{"id":21479,"date":"2022-11-18T10:51:40","date_gmt":"2022-11-18T13:51:40","guid":{"rendered":"https:\/\/www.colescba.org.ar\/portal\/?post_type=fen&#038;p=21479"},"modified":"2026-02-02T09:57:56","modified_gmt":"2026-02-02T12:57:56","slug":"mediacion-comunitaria","status":"publish","type":"fen","link":"https:\/\/www.colescba.org.ar\/portal\/?fen=mediacion-comunitaria","title":{"rendered":"MEDIACI\u00d3N COMUNITARIA"},"content":{"rendered":"\n<p><strong>Coordinaci\u00f3n: Alejandro Marcelo Nat\u00f3, Lola Montejo Cunilleras y Oscar Negredo Carrillo<\/strong><\/p>\n\n\n\n<!--more-->\n\n\n\n<p>Obra de construcci\u00f3n colectiva con la participaci\u00f3n de autores de Bolivia, Brasil, Chile, Espa\u00f1a, Italia, M\u00e9xico, Portugal, T\u00fanez, Senegal, Uruguay y Argentina, convocados por los coordinadores para dar a conocer su punto de vista, el lugar desde donde perciben y conciben la mediaci\u00f3n comunitaria, para desde all\u00ed efectuar aportes para que los mediadores puedan encontrar nuevos puntos de apoyo o de referencia.<\/p>\n\n\n\n<div class=\"wp-block-buttons is-layout-flex wp-block-buttons-is-layout-flex\">\n<div class=\"wp-block-button\"><a class=\"wp-block-button__link wp-element-button\" href=\"#form-compra\">$ 57.750<\/a><\/div>\n<\/div>\n","protected":false},"excerpt":{"rendered":"<p>Coordinaci\u00f3n: Alejandro Marcelo Nat\u00f3, Lola Montejo Cunilleras y Oscar Negredo Carrillo<\/p>\n","protected":false},"featured_media":24052,"template":"","format":"standard","meta":[],"tags":[402],"class_list":["post-21479","fen","type-fen","status-publish","format-standard","has-post-thumbnail","hentry","tag-57-750"],"acf":[],"_links":{"self":[{"href":"https:\/\/www.colescba.org.ar\/portal\/wp-json\/wp\/v2\/fen\/21479","targetHints":{"allow":["GET"]}}],"collection":[{"href":"https:\/\/www.colescba.org.ar\/portal\/wp-json\/wp\/v2\/fen"}],"about":[{"href":"https:\/\/www.colescba.org.ar\/portal\/wp-json\/wp\/v2\/types\/fen"}],"wp:featuredmedia":[{"embeddable":true,"href":"https:\/\/www.colescba.org.ar\/portal\/wp-json\/wp\/v2\/media\/24052"}],"wp:attachment":[{"href":"https:\/\/www.colescba.org.ar\/portal\/wp-json\/wp\/v2\/media?parent=21479"}],"wp:term":[{"taxonomy":"post_tag","embeddable":true,"href":"https:\/\/www.colescba.org.ar\/portal\/wp-json\/wp\/v2\/tags?post=21479"}],"curies":[{"name":"wp","href":"https:\/\/api.w.org\/{rel}","templated":true}]}}

MEDIACIÓN COMUNITARIA

<p><strong>Coordinación: Alejandro Marcelo Nató, Lola Montejo Cunilleras y Oscar Negredo Carrillo</strong></p>



<!--more-->



<p>Obra de construcción colectiva con la participación de autores de Bolivia, Brasil, Chile, España, Italia, México, Portugal, Túnez, Senegal, Uruguay y Argentina, convocados por los coordinadores para dar a conocer su punto de vista, el lugar desde donde perciben y conciben la mediación comunitaria, para desde allí efectuar aportes para que los mediadores puedan encontrar nuevos puntos de apoyo o de referencia.</p>



<div class="wp-block-buttons is-layout-flex wp-block-buttons-is-layout-flex">
<div class="wp-block-button"><a class="wp-block-button__link wp-element-button" href="#form-compra">$ 57.750</a></div>
</div>

<p>Coordinación: Alejandro Marcelo Nató, Lola Montejo Cunilleras y Oscar Negredo Carrillo</p>
