{"id":21485,"date":"2022-11-18T11:13:58","date_gmt":"2022-11-18T14:13:58","guid":{"rendered":"https:\/\/www.colescba.org.ar\/portal\/?post_type=fen&#038;p=21485"},"modified":"2023-07-10T14:33:05","modified_gmt":"2023-07-10T17:33:05","slug":"codigo-civil-y-comercial-de-la-nacion-comentado-anotado-y-concordado-tomo-9","status":"publish","type":"fen","link":"https:\/\/www.colescba.org.ar\/portal\/?fen=codigo-civil-y-comercial-de-la-nacion-comentado-anotado-y-concordado-tomo-9","title":{"rendered":"C\u00d3DIGO CIVIL Y COMERCIAL DE LA NACI\u00d3N COMENTADO ANOTADO Y CONCORDADO (TOMO 9)"},"content":{"rendered":"\n<p><strong>Zulma Dodda, Marcelo Urbaneja, Mar\u00eda Martha C\u00faneo y Sebasti\u00e1n Giacosa<\/strong><\/p>\n\n\n\n<!--more-->\n\n\n\n<p>Tomo 9 de \u201cC\u00f3digo Civil y Comercial de la Naci\u00f3n comentado anotado y concordado\u201d, colecci\u00f3n editada en 2015. Con la coordinaci\u00f3n de Gabriel Clusellas, y con autor\u00eda de Zulma Dodda, Marcelo Urbaneja, Mar\u00eda Martha C\u00faneo y Sebasti\u00e1n Giacosa. Continuidad de la colecci\u00f3n publicada junto a la Editorial Astrea, presenta un an\u00e1lisis exeg\u00e9tico de la Ley Registral 17.801 en el marco de las novedades aportadas al respecto por el CCyC.<\/p>\n\n\n\n<div class=\"wp-block-buttons is-layout-flex wp-block-buttons-is-layout-flex\">\n<div class=\"wp-block-button\"><a class=\"wp-block-button__link wp-element-button\" href=\"#form-compra\">Sin stock<\/a><\/div>\n<\/div>\n","protected":false},"excerpt":{"rendered":"<p>Zulma Dodda, Marcelo Urbaneja, Mar\u00eda Martha C\u00faneo y Sebasti\u00e1n Giacosa<\/p>\n","protected":false},"featured_media":24038,"template":"","format":"standard","meta":[],"tags":[209],"class_list":["post-21485","fen","type-fen","status-publish","format-standard","has-post-thumbnail","hentry","tag-sin-stock"],"acf":[],"_links":{"self":[{"href":"https:\/\/www.colescba.org.ar\/portal\/wp-json\/wp\/v2\/fen\/21485","targetHints":{"allow":["GET"]}}],"collection":[{"href":"https:\/\/www.colescba.org.ar\/portal\/wp-json\/wp\/v2\/fen"}],"about":[{"href":"https:\/\/www.colescba.org.ar\/portal\/wp-json\/wp\/v2\/types\/fen"}],"wp:featuredmedia":[{"embeddable":true,"href":"https:\/\/www.colescba.org.ar\/portal\/wp-json\/wp\/v2\/media\/24038"}],"wp:attachment":[{"href":"https:\/\/www.colescba.org.ar\/portal\/wp-json\/wp\/v2\/media?parent=21485"}],"wp:term":[{"taxonomy":"post_tag","embeddable":true,"href":"https:\/\/www.colescba.org.ar\/portal\/wp-json\/wp\/v2\/tags?post=21485"}],"curies":[{"name":"wp","href":"https:\/\/api.w.org\/{rel}","templated":true}]}}

CÓDIGO CIVIL Y COMERCIAL DE LA NACIÓN COMENTADO ANOTADO Y CONCORDADO (TOMO 9)

<p><strong>Zulma Dodda, Marcelo Urbaneja, María Martha Cúneo y Sebastián Giacosa</strong></p>



<!--more-->



<p>Tomo 9 de “Código Civil y Comercial de la Nación comentado anotado y concordado”, colección editada en 2015. Con la coordinación de Gabriel Clusellas, y con autoría de Zulma Dodda, Marcelo Urbaneja, María Martha Cúneo y Sebastián Giacosa. Continuidad de la colección publicada junto a la Editorial Astrea, presenta un análisis exegético de la Ley Registral 17.801 en el marco de las novedades aportadas al respecto por el CCyC.</p>



<div class="wp-block-buttons is-layout-flex wp-block-buttons-is-layout-flex">
<div class="wp-block-button"><a class="wp-block-button__link wp-element-button" href="#form-compra">Sin stock</a></div>
</div>

<p>Zulma Dodda, Marcelo Urbaneja, María Martha Cúneo y Sebastián Giacosa</p>
