{"id":1970,"date":"2022-02-11T13:11:21","date_gmt":"2022-02-11T13:11:21","guid":{"rendered":"https:\/\/www.colescba.org.ar\/portal\/?page_id=1970"},"modified":"2024-07-31T13:37:15","modified_gmt":"2024-07-31T16:37:15","slug":"universidad-notarial-argentina","status":"publish","type":"page","link":"https:\/\/www.colescba.org.ar\/portal\/organismos\/universidad-notarial-argentina","title":{"rendered":"Universidad Notarial Argentina"},"content":{"rendered":"\t\t<div data-elementor-type=\"wp-page\" data-elementor-id=\"1970\" class=\"elementor elementor-1970\" data-elementor-post-type=\"page\">\n\t\t\t\t\t\t<section class=\"elementor-section elementor-top-section elementor-element elementor-element-a2c13d3 elementor-section-boxed elementor-section-height-default elementor-section-height-default\" data-id=\"a2c13d3\" data-element_type=\"section\">\n\t\t\t\t\t\t\t<div class=\"elementor-background-overlay\"><\/div>\n\t\t\t\t\t\t\t<div class=\"elementor-container elementor-column-gap-default\">\n\t\t\t\t\t<div class=\"elementor-column elementor-col-100 elementor-top-column elementor-element elementor-element-07cfe2c\" data-id=\"07cfe2c\" data-element_type=\"column\">\n\t\t\t<div class=\"elementor-widget-wrap elementor-element-populated\">\n\t\t\t\t\t\t<section class=\"elementor-section elementor-inner-section elementor-element elementor-element-56e89de elementor-section-boxed elementor-section-height-default elementor-section-height-default\" data-id=\"56e89de\" data-element_type=\"section\">\n\t\t\t\t\t\t<div class=\"elementor-container elementor-column-gap-default\">\n\t\t\t\t\t<div class=\"elementor-column elementor-col-100 elementor-inner-column elementor-element elementor-element-f1f5d94\" data-id=\"f1f5d94\" data-element_type=\"column\">\n\t\t\t<div class=\"elementor-widget-wrap elementor-element-populated\">\n\t\t\t\t\t\t<div class=\"elementor-element elementor-element-1212f76 elementor-widget elementor-widget-heading\" data-id=\"1212f76\" data-element_type=\"widget\" data-widget_type=\"heading.default\">\n\t\t\t\t<div class=\"elementor-widget-container\">\n\t\t\t<h1 class=\"elementor-heading-title elementor-size-default\">Universidad Notarial Argentina<\/h1>\t\t<\/div>\n\t\t\t\t<\/div>\n\t\t\t\t\t<\/div>\n\t\t<\/div>\n\t\t\t\t\t<\/div>\n\t\t<\/section>\n\t\t\t\t\t<\/div>\n\t\t<\/div>\n\t\t\t\t\t<\/div>\n\t\t<\/section>\n\t\t\t\t<section class=\"elementor-section elementor-top-section elementor-element elementor-element-5d0e7e0 elementor-section-boxed elementor-section-height-default elementor-section-height-default elementor-invisible\" data-id=\"5d0e7e0\" data-element_type=\"section\" data-settings=\"{&quot;background_background&quot;:&quot;classic&quot;,&quot;animation&quot;:&quot;fadeInLeft&quot;}\">\n\t\t\t\t\t\t<div class=\"elementor-container elementor-column-gap-default\">\n\t\t\t\t\t<div class=\"elementor-column elementor-col-50 elementor-top-column elementor-element elementor-element-8b842eb\" data-id=\"8b842eb\" data-element_type=\"column\" data-settings=\"{&quot;background_background&quot;:&quot;slideshow&quot;,&quot;background_slideshow_gallery&quot;:[],&quot;background_slideshow_loop&quot;:&quot;yes&quot;,&quot;background_slideshow_slide_duration&quot;:5000,&quot;background_slideshow_slide_transition&quot;:&quot;fade&quot;,&quot;background_slideshow_transition_duration&quot;:500}\">\n\t\t\t<div class=\"elementor-widget-wrap elementor-element-populated\">\n\t\t\t\t\t\t<div class=\"elementor-element elementor-element-175ece6 elementor-widget elementor-widget-text-editor\" data-id=\"175ece6\" data-element_type=\"widget\" data-widget_type=\"text-editor.default\">\n\t\t\t\t<div class=\"elementor-widget-container\">\n\t\t\t\t\t\t\t<p>Creada por el Consejo Directivo del Colegio de Escribanos de la Provincia de Buenos Aires en septiembre de 1964, la Universidad Notarial Argentina (UNA) fue inaugurada con un acto simb\u00f3lico el 29 de octubre del mismo a\u00f1o, como una instituci\u00f3n sin fines de lucro, dedicada a los estudios de postgrado en el \u00e1mbito no s\u00f3lo notarial sino del derecho, las ciencias sociales, econ\u00f3micas, filos\u00f3ficas y pol\u00edticas.<br \/>En este sentido, adem\u00e1s de ser la \u00fanica Casa de Altos Estudios Notariales, en sus instalaciones se imparten cursos regulares y carreras de postgrado se complementan con la actividad de investigaci\u00f3n de las diferentes ramas del Derecho, y abarcan otros \u00e1mbitos como Minoridad, Derecho del Consumidor, Medios de Comunicaci\u00f3n, Derecho Ambiental, Derecho de Autor, Bio\u00e9tica y Globalizaci\u00f3n.<br \/>Mediante ciclos de especializaci\u00f3n, jornadas de intercambio interdisciplinario, mesas redondas y coloquios, se debaten temas y problemas concretos de inter\u00e9s cient\u00edfico-profesional.<br \/>La actividad de la Universidad Notarial Argentina est\u00e1 en constante crecimiento, multiplicando el dictado de carreras, cursos, actividades de investigaci\u00f3n y extensi\u00f3n en las Delegaciones de la Provincia de Buenos Aires y de todo el pa\u00eds. Con el paso del tiempo ha ampliado sus horizontes dictando conferencias, estableciendo numerosos convenios y participando en congresos y simposios alrededor del mundo.<br \/>Adem\u00e1s, ha dado origen a la Universidad Notarial Argentina Virtual, utilizando nuevas tecnolog\u00edas que permiten superar los condicionantes de tiempo y espacio, para que los interesados puedan instruirse a distancia.<\/p>\t\t\t\t\t\t<\/div>\n\t\t\t\t<\/div>\n\t\t\t\t\t<\/div>\n\t\t<\/div>\n\t\t\t\t<div class=\"elementor-column elementor-col-50 elementor-top-column elementor-element elementor-element-e6c78c6\" data-id=\"e6c78c6\" data-element_type=\"column\">\n\t\t\t<div class=\"elementor-widget-wrap elementor-element-populated\">\n\t\t\t\t\t\t<div class=\"elementor-element elementor-element-7315db3 elementor-cta--skin-classic elementor-animated-content elementor-bg-transform elementor-bg-transform-zoom-in elementor-widget elementor-widget-call-to-action\" data-id=\"7315db3\" data-element_type=\"widget\" data-widget_type=\"call-to-action.default\">\n\t\t\t\t<div class=\"elementor-widget-container\">\n\t\t\t\t\t<div class=\"elementor-cta\">\n\t\t\t\t\t<div class=\"elementor-cta__bg-wrapper\">\n\t\t\t\t<div class=\"elementor-cta__bg elementor-bg\" style=\"background-image: url(https:\/\/www.colescba.org.ar\/portal\/wp-content\/uploads\/2022\/02\/Universidad-Notorial.jpg);\" role=\"img\" aria-label=\"Universidad Notorial\"><\/div>\n\t\t\t\t<div class=\"elementor-cta__bg-overlay\"><\/div>\n\t\t\t<\/div>\n\t\t\t\t\t\t\t<div class=\"elementor-cta__content\">\n\t\t\t\t\n\t\t\t\t\n\t\t\t\t\n\t\t\t\t\t\t\t\t\t<div class=\"elementor-cta__button-wrapper elementor-cta__content-item elementor-content-item \">\n\t\t\t\t\t<a class=\"elementor-cta__button elementor-button elementor-size-lg\" href=\"http:\/\/www.universidadnotarial.edu.ar\/una\/\" target=\"_blank\">\n\t\t\t\t\t\tMas info   \t\t\t\t\t<\/a>\n\t\t\t\t\t<\/div>\n\t\t\t\t\t\t\t<\/div>\n\t\t\t\t\t\t<\/div>\n\t\t\t\t<\/div>\n\t\t\t\t<\/div>\n\t\t\t\t\t<\/div>\n\t\t<\/div>\n\t\t\t\t\t<\/div>\n\t\t<\/section>\n\t\t\t\t<section class=\"elementor-section elementor-top-section elementor-element elementor-element-229ed6d elementor-section-boxed elementor-section-height-default elementor-section-height-default\" data-id=\"229ed6d\" data-element_type=\"section\">\n\t\t\t\t\t\t<div class=\"elementor-container elementor-column-gap-default\">\n\t\t\t\t\t<div class=\"elementor-column elementor-col-50 elementor-top-column elementor-element elementor-element-56a03cb\" data-id=\"56a03cb\" data-element_type=\"column\">\n\t\t\t<div class=\"elementor-widget-wrap elementor-element-populated\">\n\t\t\t\t\t\t<div class=\"elementor-element elementor-element-7c0b1e9 elementor-widget elementor-widget-heading\" data-id=\"7c0b1e9\" data-element_type=\"widget\" data-widget_type=\"heading.default\">\n\t\t\t\t<div class=\"elementor-widget-container\">\n\t\t\t<h2 class=\"elementor-heading-title elementor-size-default\">Universidad Notarial Argentina Virtual\n<\/h2>\t\t<\/div>\n\t\t\t\t<\/div>\n\t\t\t\t<div class=\"elementor-element elementor-element-f701e21 elementor-widget elementor-widget-heading\" data-id=\"f701e21\" data-element_type=\"widget\" data-widget_type=\"heading.default\">\n\t\t\t\t<div class=\"elementor-widget-container\">\n\t\t\t<h2 class=\"elementor-heading-title elementor-size-medium\">La Universidad Notarial Argentina Virtual (UNAV) es un espacio de aprendizaje, consulta, informaci\u00f3n e intercambio, destinado a dar respuesta a las necesidades de los profesionales de del Derecho y disciplinas afines.<\/h2>\t\t<\/div>\n\t\t\t\t<\/div>\n\t\t\t\t<div class=\"elementor-element elementor-element-b8084bc elementor-widget elementor-widget-text-editor\" data-id=\"b8084bc\" data-element_type=\"widget\" data-widget_type=\"text-editor.default\">\n\t\t\t\t<div class=\"elementor-widget-container\">\n\t\t\t\t\t\t\t<p>All\u00ed interact\u00faan alumnos, profesores, profesionales y consultores, realizando actividades a trav\u00e9s de medios que permiten superar las condicionantes del tiempo y el espacio, ya que es accesible desde cualquier lugar que permita conexi\u00f3n a Internet.<\/p>\t\t\t\t\t\t<\/div>\n\t\t\t\t<\/div>\n\t\t\t\t<div class=\"elementor-element elementor-element-ec40764 elementor-align-left elementor-widget elementor-widget-button\" data-id=\"ec40764\" data-element_type=\"widget\" data-widget_type=\"button.default\">\n\t\t\t\t<div class=\"elementor-widget-container\">\n\t\t\t\t\t\t\t<div class=\"elementor-button-wrapper\">\n\t\t\t\t\t<a class=\"elementor-button elementor-button-link elementor-size-md\" href=\"https:\/\/www.universidadnotarial.edu.ar\/miuna\/web\/login?LoginAMoodle=true\" target=\"_blank\">\n\t\t\t\t\t\t<span class=\"elementor-button-content-wrapper\">\n\t\t\t\t\t\t\t\t\t<span class=\"elementor-button-text\">Acceda a UNAV<\/span>\n\t\t\t\t\t<\/span>\n\t\t\t\t\t<\/a>\n\t\t\t\t<\/div>\n\t\t\t\t\t\t<\/div>\n\t\t\t\t<\/div>\n\t\t\t\t\t<\/div>\n\t\t<\/div>\n\t\t\t\t<div class=\"elementor-column elementor-col-50 elementor-top-column elementor-element elementor-element-3464848\" data-id=\"3464848\" data-element_type=\"column\">\n\t\t\t<div class=\"elementor-widget-wrap\">\n\t\t\t\t\t\t\t<\/div>\n\t\t<\/div>\n\t\t\t\t\t<\/div>\n\t\t<\/section>\n\t\t\t\t<\/div>\n\t\t","protected":false},"excerpt":{"rendered":"<p>Universidad Notarial Argentina Creada por el Consejo Directivo del Colegio de Escribanos de la Provincia de Buenos Aires en septiembre de 1964, la Universidad Notarial Argentina (UNA) fue inaugurada con un acto simb\u00f3lico el 29 de octubre del mismo a\u00f1o, como una instituci\u00f3n sin fines de lucro, dedicada a los estudios de postgrado en el [&hellip;]<\/p>\n","protected":false},"author":4,"featured_media":45206,"parent":971,"menu_order":0,"comment_status":"closed","ping_status":"closed","template":"","meta":{"footnotes":""},"class_list":["post-1970","page","type-page","status-publish","has-post-thumbnail","hentry"],"acf":[],"_links":{"self":[{"href":"https:\/\/www.colescba.org.ar\/portal\/wp-json\/wp\/v2\/pages\/1970","targetHints":{"allow":["GET"]}}],"collection":[{"href":"https:\/\/www.colescba.org.ar\/portal\/wp-json\/wp\/v2\/pages"}],"about":[{"href":"https:\/\/www.colescba.org.ar\/portal\/wp-json\/wp\/v2\/types\/page"}],"author":[{"embeddable":true,"href":"https:\/\/www.colescba.org.ar\/portal\/wp-json\/wp\/v2\/users\/4"}],"replies":[{"embeddable":true,"href":"https:\/\/www.colescba.org.ar\/portal\/wp-json\/wp\/v2\/comments?post=1970"}],"version-history":[{"count":35,"href":"https:\/\/www.colescba.org.ar\/portal\/wp-json\/wp\/v2\/pages\/1970\/revisions"}],"predecessor-version":[{"id":6655,"href":"https:\/\/www.colescba.org.ar\/portal\/wp-json\/wp\/v2\/pages\/1970\/revisions\/6655"}],"up":[{"embeddable":true,"href":"https:\/\/www.colescba.org.ar\/portal\/wp-json\/wp\/v2\/pages\/971"}],"wp:featuredmedia":[{"embeddable":true,"href":"https:\/\/www.colescba.org.ar\/portal\/wp-json\/wp\/v2\/media\/45206"}],"wp:attachment":[{"href":"https:\/\/www.colescba.org.ar\/portal\/wp-json\/wp\/v2\/media?parent=1970"}],"curies":[{"name":"wp","href":"https:\/\/api.w.org\/{rel}","templated":true}]}}