{"id":23741,"date":"2023-01-19T13:27:17","date_gmt":"2023-01-19T16:27:17","guid":{"rendered":"https:\/\/www.colescba.org.ar\/portal\/?page_id=23741"},"modified":"2025-12-03T11:37:43","modified_gmt":"2025-12-03T14:37:43","slug":"boton-de-arrepentimiento","status":"publish","type":"page","link":"https:\/\/www.colescba.org.ar\/portal\/fen\/boton-de-arrepentimiento","title":{"rendered":"Bot\u00f3n de arrepentimiento"},"content":{"rendered":"\t\t<div data-elementor-type=\"wp-page\" data-elementor-id=\"23741\" class=\"elementor elementor-23741\" data-elementor-post-type=\"page\">\n\t\t\t\t\t\t<section class=\"elementor-section elementor-top-section elementor-element elementor-element-9d447ea elementor-section-full_width elementor-section-height-default elementor-section-height-default\" data-id=\"9d447ea\" data-element_type=\"section\" data-settings=\"{&quot;background_background&quot;:&quot;classic&quot;,&quot;sticky&quot;:&quot;top&quot;,&quot;sticky_on&quot;:[&quot;desktop&quot;,&quot;tablet&quot;],&quot;sticky_offset&quot;:0,&quot;sticky_effects_offset&quot;:0}\">\n\t\t\t\t\t\t<div class=\"elementor-container elementor-column-gap-default\">\n\t\t\t\t\t<div class=\"elementor-column elementor-col-100 elementor-top-column elementor-element elementor-element-d0718d8\" data-id=\"d0718d8\" data-element_type=\"column\">\n\t\t\t<div class=\"elementor-widget-wrap elementor-element-populated\">\n\t\t\t\t\t\t<div class=\"elementor-element elementor-element-9c99647 elementor-widget elementor-widget-progress-tracker\" data-id=\"9c99647\" data-element_type=\"widget\" data-settings=\"{&quot;direction&quot;:&quot;ltr&quot;,&quot;type&quot;:&quot;horizontal&quot;,&quot;relative_to&quot;:&quot;entire_page&quot;}\" data-widget_type=\"progress-tracker.default\">\n\t\t\t\t<div class=\"elementor-widget-container\">\n\t\t\t\n\t\t<div class=\"elementor-scrolling-tracker elementor-scrolling-tracker-horizontal elementor-scrolling-tracker-alignment-\">\n\t\t\t\t\t\t<div class=\"current-progress\">\n\t\t\t\t\t<div class=\"current-progress-percentage\"><\/div>\n\t\t\t\t<\/div>\n\t\t\t\t<\/div>\n\t\t\t\t<\/div>\n\t\t\t\t<\/div>\n\t\t\t\t\t<\/div>\n\t\t<\/div>\n\t\t\t\t\t<\/div>\n\t\t<\/section>\n\t\t\t\t<section class=\"elementor-section elementor-top-section elementor-element elementor-element-d08bc2c elementor-section-content-top elementor-section-height-min-height elementor-section-boxed elementor-section-height-default elementor-section-items-middle\" data-id=\"d08bc2c\" data-element_type=\"section\" data-settings=\"{&quot;background_background&quot;:&quot;classic&quot;}\">\n\t\t\t\t\t\t\t<div class=\"elementor-background-overlay\"><\/div>\n\t\t\t\t\t\t\t<div class=\"elementor-container elementor-column-gap-wider\">\n\t\t\t\t\t<div class=\"elementor-column elementor-col-100 elementor-top-column elementor-element elementor-element-c13a3db elementor-invisible\" data-id=\"c13a3db\" data-element_type=\"column\" data-settings=\"{&quot;animation&quot;:&quot;fadeIn&quot;}\">\n\t\t\t<div class=\"elementor-widget-wrap elementor-element-populated\">\n\t\t\t\t\t\t<div class=\"elementor-element elementor-element-d11106c elementor-widget elementor-widget-heading\" data-id=\"d11106c\" data-element_type=\"widget\" data-settings=\"{&quot;_animation&quot;:&quot;none&quot;}\" data-widget_type=\"heading.default\">\n\t\t\t\t<div class=\"elementor-widget-container\">\n\t\t\t<h1 class=\"elementor-heading-title elementor-size-default\">Bot\u00f3n de arrepentimiento<\/h1>\t\t<\/div>\n\t\t\t\t<\/div>\n\t\t\t\t<div class=\"elementor-element elementor-element-2186ec6 elementor-widget-divider--view-line elementor-widget elementor-widget-divider\" data-id=\"2186ec6\" data-element_type=\"widget\" data-settings=\"{&quot;_animation&quot;:&quot;none&quot;}\" data-widget_type=\"divider.default\">\n\t\t\t\t<div class=\"elementor-widget-container\">\n\t\t\t\t\t<div class=\"elementor-divider\">\n\t\t\t<span class=\"elementor-divider-separator\">\n\t\t\t\t\t\t<\/span>\n\t\t<\/div>\n\t\t\t\t<\/div>\n\t\t\t\t<\/div>\n\t\t\t\t\t<\/div>\n\t\t<\/div>\n\t\t\t\t\t<\/div>\n\t\t<\/section>\n\t\t\t\t<section class=\"elementor-section elementor-top-section elementor-element elementor-element-4154fb5 elementor-section-boxed elementor-section-height-default elementor-section-height-default\" data-id=\"4154fb5\" data-element_type=\"section\" id=\"Noticias\" data-settings=\"{&quot;animation&quot;:&quot;none&quot;}\">\n\t\t\t\t\t\t<div class=\"elementor-container elementor-column-gap-default\">\n\t\t\t\t\t<div class=\"elementor-column elementor-col-100 elementor-top-column elementor-element elementor-element-ee8954a elementor-invisible\" data-id=\"ee8954a\" data-element_type=\"column\" data-settings=\"{&quot;animation&quot;:&quot;fadeInLeft&quot;}\">\n\t\t\t<div class=\"elementor-widget-wrap elementor-element-populated\">\n\t\t\t\t\t\t<div class=\"elementor-element elementor-element-4df72c2 elementor-widget elementor-widget-heading\" data-id=\"4df72c2\" data-element_type=\"widget\" data-widget_type=\"heading.default\">\n\t\t\t\t<div class=\"elementor-widget-container\">\n\t\t\t<h2 class=\"elementor-heading-title elementor-size-default\">Mediante este formulario usted puede gestionar la devoluci\u00f3n de un libro adquirido a la Fundaci\u00f3n Editora Notarial por medio de transferencia bancaria o MercadoPago.<\/h2>\t\t<\/div>\n\t\t\t\t<\/div>\n\t\t\t\t<div class=\"elementor-element elementor-element-f2ea6ce elementor-widget elementor-widget-text-editor\" data-id=\"f2ea6ce\" data-element_type=\"widget\" data-widget_type=\"text-editor.default\">\n\t\t\t\t<div class=\"elementor-widget-container\">\n\t\t\t\t\t\t\t<p>Una vez recibida la solicitud de devoluci\u00f3n, personal de la Fundaci\u00f3n Editora Notarial se comunicar\u00e1 telef\u00f3nicamente con Usted para coordinar el procedimiento.<\/p><p>Recibido por parte de la Fundaci\u00f3n Editora Notarial el ejemplar en las condiciones requeridas, el reintegro del precio ser\u00e1 realizado utilizando la misma forma de pago con la cual fue adquirido el libro.<\/p><p>El ejemplar a devolver deber\u00e1 estar en buenas condiciones, sin el embalaje de pl\u00e1stico termocontra\u00edble abierto o deteriorado.<\/p>\t\t\t\t\t\t<\/div>\n\t\t\t\t<\/div>\n\t\t\t\t\t<\/div>\n\t\t<\/div>\n\t\t\t\t\t<\/div>\n\t\t<\/section>\n\t\t\t\t<section class=\"elementor-section elementor-top-section elementor-element elementor-element-ef94bc9 elementor-section-boxed elementor-section-height-default elementor-section-height-default elementor-invisible\" data-id=\"ef94bc9\" data-element_type=\"section\" data-settings=\"{&quot;animation&quot;:&quot;fadeInUp&quot;}\">\n\t\t\t\t\t\t\t<div class=\"elementor-background-overlay\"><\/div>\n\t\t\t\t\t\t\t<div class=\"elementor-container elementor-column-gap-wider\">\n\t\t\t\t\t<div class=\"elementor-column elementor-col-100 elementor-top-column elementor-element elementor-element-cf805b1\" data-id=\"cf805b1\" data-element_type=\"column\">\n\t\t\t<div class=\"elementor-widget-wrap elementor-element-populated\">\n\t\t\t\t\t\t<div class=\"elementor-element elementor-element-8e0b34c elementor-widget elementor-widget-heading\" data-id=\"8e0b34c\" data-element_type=\"widget\" data-widget_type=\"heading.default\">\n\t\t\t\t<div class=\"elementor-widget-container\">\n\t\t\t<h2 class=\"elementor-heading-title elementor-size-default\">Formulario de solicitud de devoluci\u00f3n<\/h2>\t\t<\/div>\n\t\t\t\t<\/div>\n\t\t\t\t<div class=\"elementor-element elementor-element-62b9171 elementor-widget-divider--view-line elementor-widget elementor-widget-divider\" data-id=\"62b9171\" data-element_type=\"widget\" data-widget_type=\"divider.default\">\n\t\t\t\t<div class=\"elementor-widget-container\">\n\t\t\t\t\t<div class=\"elementor-divider\">\n\t\t\t<span class=\"elementor-divider-separator\">\n\t\t\t\t\t\t<\/span>\n\t\t<\/div>\n\t\t\t\t<\/div>\n\t\t\t\t<\/div>\n\t\t\t\t<div class=\"elementor-element elementor-element-a03bc34 elementor-button-align-end elementor-widget elementor-widget-form\" data-id=\"a03bc34\" data-element_type=\"widget\" data-settings=\"{&quot;step_next_label&quot;:&quot;Siguiente&quot;,&quot;step_previous_label&quot;:&quot;Anterior&quot;,&quot;step_type&quot;:&quot;number_text&quot;,&quot;step_icon_shape&quot;:&quot;circle&quot;}\" data-widget_type=\"form.default\">\n\t\t\t\t<div class=\"elementor-widget-container\">\n\t\t\t\t\t<form class=\"elementor-form\" method=\"post\" name=\"Compra de Libros\">\n\t\t\t<input type=\"hidden\" name=\"post_id\" value=\"23741\"\/>\n\t\t\t<input type=\"hidden\" name=\"form_id\" value=\"a03bc34\"\/>\n\t\t\t<input type=\"hidden\" name=\"referer_title\" value=\"Colegio de Escribanos Provincia de Buenos Aires\" \/>\n\n\t\t\t\n\t\t\t<div class=\"elementor-form-fields-wrapper elementor-labels-above\">\n\t\t\t\t\t\t\t\t<div class=\"elementor-field-type-text elementor-field-group elementor-column elementor-field-group-nombreyapellido elementor-col-100 elementor-field-required elementor-mark-required\">\n\t\t\t\t\t\t\t\t\t\t\t\t<label for=\"form-field-nombreyapellido\" class=\"elementor-field-label\">\n\t\t\t\t\t\t\t\tApellido y Nombre\/s\t\t\t\t\t\t\t<\/label>\n\t\t\t\t\t\t\t\t\t\t\t\t\t\t<input size=\"1\" type=\"text\" name=\"form_fields[nombreyapellido]\" id=\"form-field-nombreyapellido\" class=\"elementor-field elementor-size-md  elementor-field-textual\" required=\"required\" aria-required=\"true\">\n\t\t\t\t\t\t\t\t\t\t\t<\/div>\n\t\t\t\t\t\t\t\t<div class=\"elementor-field-type-email elementor-field-group elementor-column elementor-field-group-email elementor-col-100 elementor-field-required elementor-mark-required\">\n\t\t\t\t\t\t\t\t\t\t\t\t<label for=\"form-field-email\" class=\"elementor-field-label\">\n\t\t\t\t\t\t\t\tE-mail\t\t\t\t\t\t\t<\/label>\n\t\t\t\t\t\t\t\t\t\t\t\t\t\t<input size=\"1\" type=\"email\" name=\"form_fields[email]\" id=\"form-field-email\" class=\"elementor-field elementor-size-md  elementor-field-textual\" required=\"required\" aria-required=\"true\">\n\t\t\t\t\t\t\t\t\t\t\t<\/div>\n\t\t\t\t\t\t\t\t<div class=\"elementor-field-type-tel elementor-field-group elementor-column elementor-field-group-telefono elementor-col-100 elementor-field-required elementor-mark-required\">\n\t\t\t\t\t\t\t\t\t\t\t\t<label for=\"form-field-telefono\" class=\"elementor-field-label\">\n\t\t\t\t\t\t\t\tTel\u00e9fono\t\t\t\t\t\t\t<\/label>\n\t\t\t\t\t\t\t\t<input size=\"1\" type=\"tel\" name=\"form_fields[telefono]\" id=\"form-field-telefono\" class=\"elementor-field elementor-size-md  elementor-field-textual\" required=\"required\" aria-required=\"true\" pattern=\"[0-9()#&amp;+*-=.]+\" title=\"Solo se aceptan n\u00fameros y caracteres de tel\u00e9fono (#,-,*,etc).\">\n\n\t\t\t\t\t\t<\/div>\n\t\t\t\t\t\t\t\t<div class=\"elementor-field-type-select elementor-field-group elementor-column elementor-field-group-edicion elementor-col-100 elementor-field-required elementor-mark-required\">\n\t\t\t\t\t\t\t\t\t\t\t\t<label for=\"form-field-edicion\" class=\"elementor-field-label\">\n\t\t\t\t\t\t\t\tEdici\u00f3n\t\t\t\t\t\t\t<\/label>\n\t\t\t\t\t\t\t\t<div class=\"elementor-field elementor-select-wrapper remove-before \">\n\t\t\t<div class=\"select-caret-down-wrapper\">\n\t\t\t\t<i aria-hidden=\"true\" class=\"eicon-caret-down\"><\/i>\t\t\t<\/div>\n\t\t\t<select name=\"form_fields[edicion]\" id=\"form-field-edicion\" class=\"elementor-field-textual elementor-size-md\" required=\"required\" aria-required=\"true\">\n\t\t\t\t\t\t\t\t\t<option value=\"\">Seleccione la edici\u00f3n <\/option>\n\t\t\t\t\t\t\t\t\t<option value=\"106-001-234 T\u00c9CNICA NOTARIAL. MODELOS DE ACTAS Y OTRAS CONSTATACIONES NOTARIALES\">106-001-234 T\u00c9CNICA NOTARIAL. MODELOS DE ACTAS Y OTRAS CONSTATACIONES NOTARIALES<\/option>\n\t\t\t\t\t\t\t\t\t<option value=\"106-001-233 MANUAL PARA CONCURSOS NOTARIALES. TOMOS 8 Y 9\">106-001-233 MANUAL PARA CONCURSOS NOTARIALES. TOMOS 8 Y 9<\/option>\n\t\t\t\t\t\t\t\t\t<option value=\"106-001-226 LA PERSONA HUMANA EN EL DERECHO\">106-001-226 LA PERSONA HUMANA EN EL DERECHO<\/option>\n\t\t\t\t\t\t\t\t\t<option value=\"106-001-227 EL DERECHO HUMANO A LA VIVIENDA\">106-001-227 EL DERECHO HUMANO A LA VIVIENDA<\/option>\n\t\t\t\t\t\t\t\t\t<option value=\"106-001-228 ESTUDIO DE T\u00cdTULOS. SUBSANACIONES\">106-001-228 ESTUDIO DE T\u00cdTULOS. SUBSANACIONES<\/option>\n\t\t\t\t\t\t\t\t\t<option value=\"106-001-229 TEOR\u00cdA Y PR\u00c1CTICA PROFESIONAL. DERECHO NOTARIAL (VOLUMEN 1)\">106-001-229 TEOR\u00cdA Y PR\u00c1CTICA PROFESIONAL. DERECHO NOTARIAL (VOLUMEN 1)<\/option>\n\t\t\t\t\t\t\t\t\t<option value=\"106-001-230 LA REGULACI\u00d3N DE LA FUNCI\u00d3N NOTARIAL EN EL C\u00d3DIGO CIVIL Y COMERCIAL DE LA NACI\u00d3N\">106-001-230 LA REGULACI\u00d3N DE LA FUNCI\u00d3N NOTARIAL EN EL C\u00d3DIGO CIVIL Y COMERCIAL DE LA NACI\u00d3N<\/option>\n\t\t\t\t\t\t\t\t\t<option value=\"106-001-225 MANUAL PARA CONCURSOS NOTARIALES (7 TOMOS)\">106-001-225 MANUAL PARA CONCURSOS NOTARIALES (7 TOMOS)<\/option>\n\t\t\t\t\t\t\t\t\t<option value=\"106-001-223 CASOS DE NEGOCIACI\u00d3N COLABORATIVA Y MEDIACI\u00d3N\">106-001-223 CASOS DE NEGOCIACI\u00d3N COLABORATIVA Y MEDIACI\u00d3N<\/option>\n\t\t\t\t\t\t\t\t\t<option value=\"106-001-224 MEDIACI\u00d3N Y RESILIENCIA - CUARTA EDICI\u00d3N AMPLIADA Y ACTUALIZADA \">106-001-224 MEDIACI\u00d3N Y RESILIENCIA - CUARTA EDICI\u00d3N AMPLIADA Y ACTUALIZADA <\/option>\n\t\t\t\t\t\t\t\t\t<option value=\"106-001-222 TRATADO DE DERECHO NOTARIAL (2 TOMOS)\">106-001-222 TRATADO DE DERECHO NOTARIAL (2 TOMOS)<\/option>\n\t\t\t\t\t\t\t\t\t<option value=\"106-001-221 PUBLICIDAD CARTULAR\">106-001-221 PUBLICIDAD CARTULAR<\/option>\n\t\t\t\t\t\t\t\t\t<option value=\"106-001-219 DOCUMENTO NOTARIAL ELECTR\u00d3NICO\">106-001-219 DOCUMENTO NOTARIAL ELECTR\u00d3NICO<\/option>\n\t\t\t\t\t\t\t\t\t<option value=\"106-001-218 EL DOCUMENTO NOTARIAL EN EL C\u00d3DIGO CIVIL Y COMERCIAL\">106-001-218 EL DOCUMENTO NOTARIAL EN EL C\u00d3DIGO CIVIL Y COMERCIAL<\/option>\n\t\t\t\t\t\t\t\t\t<option value=\"106-001-216 R\u00c9GIMEN PATRIMONIAL DEL MATRIMONIO DESDE UNA PERSPECTIVA NOTARIAL\">106-001-216 R\u00c9GIMEN PATRIMONIAL DEL MATRIMONIO DESDE UNA PERSPECTIVA NOTARIAL<\/option>\n\t\t\t\t\t\t\t\t\t<option value=\"106-001-215 LA ACTIVIDAD NOTARIAL Y LOS REG\u00cdMENES DE RETENCI\u00d3N E INFORMACI\u00d3N DE LA AFIP\">106-001-215 LA ACTIVIDAD NOTARIAL Y LOS REG\u00cdMENES DE RETENCI\u00d3N E INFORMACI\u00d3N DE LA AFIP<\/option>\n\t\t\t\t\t\t\t\t\t<option value=\"106-001-208 NUEVAS TECNOLOG\u00cdAS APLICADAS A LA FUNCI\u00d3N NOTARIAL ACTUACIONES NOTARIALES EN SOPORTE DIGITAL FIRMA DIGITAL \">106-001-208 NUEVAS TECNOLOG\u00cdAS APLICADAS A LA FUNCI\u00d3N NOTARIAL ACTUACIONES NOTARIALES EN SOPORTE DIGITAL FIRMA DIGITAL <\/option>\n\t\t\t\t\t\t\t\t\t<option value=\"106-001-214 ESCRITURAS Y ACTAS NOTARIALES T\u00c9CNICA Y PR\u00c1CTICA DOCUMENTAL\">106-001-214 ESCRITURAS Y ACTAS NOTARIALES T\u00c9CNICA Y PR\u00c1CTICA DOCUMENTAL<\/option>\n\t\t\t\t\t\t\t\t\t<option value=\"106-001-205 CONSTITUCI\u00d3N DE SOCIEDADES T\u00c9CNICA Y PR\u00c1CTICA DOCUMENTAL \">106-001-205 CONSTITUCI\u00d3N DE SOCIEDADES T\u00c9CNICA Y PR\u00c1CTICA DOCUMENTAL <\/option>\n\t\t\t\t\t\t\t\t\t<option value=\"106-001-207 MEDIACI\u00d3N COMUNITARIA\">106-001-207 MEDIACI\u00d3N COMUNITARIA<\/option>\n\t\t\t\t\t\t\t\t\t<option value=\"106-001-195 MEDIACI\u00d3N EN EL MUNDO RELATOS CIRCULARES DE CASOS DE MEDIACI\u00d3N EN DIVERSAS LATITUDES. 2\u00ba EDICI\u00d3N AMPLIADA\">106-001-195 MEDIACI\u00d3N EN EL MUNDO RELATOS CIRCULARES DE CASOS DE MEDIACI\u00d3N EN DIVERSAS LATITUDES. 2\u00ba EDICI\u00d3N AMPLIADA<\/option>\n\t\t\t\t\t\t\t\t\t<option value=\"106-001-181 MEDIACI\u00d3N EN EL MUNDO RELATOS CIRCULARES DE CASOS DE MEDIACI\u00d3N EN DIVERSAS LATITUDES\">106-001-181 MEDIACI\u00d3N EN EL MUNDO RELATOS CIRCULARES DE CASOS DE MEDIACI\u00d3N EN DIVERSAS LATITUDES<\/option>\n\t\t\t\t\t\t\t\t\t<option value=\"106-001-129 LA PLANIFICACI\u00d3N PATRIMONIAL INTERNACIONAL DEL DERECHO DE FAMILIA Y DE SUCESIONES\">106-001-129 LA PLANIFICACI\u00d3N PATRIMONIAL INTERNACIONAL DEL DERECHO DE FAMILIA Y DE SUCESIONES<\/option>\n\t\t\t\t\t\t\t\t\t<option value=\"106-001-132 RESILIENCIA EN LA MEDIACI\u00d3N VARIABLES PARA SU CONSTRUCCI\u00d3N\">106-001-132 RESILIENCIA EN LA MEDIACI\u00d3N VARIABLES PARA SU CONSTRUCCI\u00d3N<\/option>\n\t\t\t\t\t\t\t\t\t<option value=\"106-001-073 RECOPILACI\u00d3N JORNADA NOTARIAL ARGENTINA 1944 \u2013 2008\">106-001-073 RECOPILACI\u00d3N JORNADA NOTARIAL ARGENTINA 1944 \u2013 2008<\/option>\n\t\t\t\t\t\t\t\t\t<option value=\"106-001-122 DERECHO SOCIETARIO\">106-001-122 DERECHO SOCIETARIO<\/option>\n\t\t\t\t\t\t\t\t\t<option value=\"106-001-220 MODELOS DE MEDIACI\u00d3N ENFOQUES DE MEDIACI\u00d3N  CUARTA EDICI\u00d3N\">106-001-220 MODELOS DE MEDIACI\u00d3N ENFOQUES DE MEDIACI\u00d3N  CUARTA EDICI\u00d3N<\/option>\n\t\t\t\t\t\t\t\t\t<option value=\"106-001-094 ESTUDIOS DE DERECHO NOTARIAL Y REGISTRAL II\">106-001-094 ESTUDIOS DE DERECHO NOTARIAL Y REGISTRAL II<\/option>\n\t\t\t\t\t\t\t\t\t<option value=\"106-001-098 DIGESTO DE DISPOSICIONES T\u00c9CNICO REGISTRALES. TRES TOMOS\">106-001-098 DIGESTO DE DISPOSICIONES T\u00c9CNICO REGISTRALES. TRES TOMOS<\/option>\n\t\t\t\t\t\t\t\t\t<option value=\"106-001-086 C\u00d3DIGO FISCAL DE LA PROVINCIA DE BUENOS AIRES\">106-001-086 C\u00d3DIGO FISCAL DE LA PROVINCIA DE BUENOS AIRES<\/option>\n\t\t\t\t\t\t\t\t\t<option value=\"106-001-072 MEDIACI\u00d3N  LA CULTURA Y EL ARTE DE MEDIAR\">106-001-072 MEDIACI\u00d3N  LA CULTURA Y EL ARTE DE MEDIAR<\/option>\n\t\t\t\t\t\t\t\t\t<option value=\"106-001-062 REGISTRO DE LA PROPIEDAD CATASTRO TERRITORIAL Y LA ACTIVIDAD NOTARIAL  SEGUNDA EDICI\u00d3N AMPLIADA\">106-001-062 REGISTRO DE LA PROPIEDAD CATASTRO TERRITORIAL Y LA ACTIVIDAD NOTARIAL  SEGUNDA EDICI\u00d3N AMPLIADA<\/option>\n\t\t\t\t\t\t\t\t\t<option value=\"106-001-058 MEDIACI\u00d3N COMUNICACI\u00d3N: ENFOQUE ACTUAL PARA EL CAMBIO\">106-001-058 MEDIACI\u00d3N COMUNICACI\u00d3N: ENFOQUE ACTUAL PARA EL CAMBIO<\/option>\n\t\t\t\t\t\t\t\t\t<option value=\"106-001-041 CONVENCI\u00d3N SOBRE LOS DERECHOS DE LAS PERSONAS CON DISCAPACIDAD\">106-001-041 CONVENCI\u00d3N SOBRE LOS DERECHOS DE LAS PERSONAS CON DISCAPACIDAD<\/option>\n\t\t\t\t\t\t\t\t\t<option value=\"106-001-042 MEDIACI\u00d3N FACILITACI\u00d3N Y NEGOCIACI\u00d3N\">106-001-042 MEDIACI\u00d3N FACILITACI\u00d3N Y NEGOCIACI\u00d3N<\/option>\n\t\t\t\t\t\t\t\t\t<option value=\"106-001-040 LA REGISTRACI\u00d3N DEL LEASING INMOBILIARIO \">106-001-040 LA REGISTRACI\u00d3N DEL LEASING INMOBILIARIO <\/option>\n\t\t\t\t\t\t\t\t\t<option value=\"106-001-035 JORNADA NOTARIAL BONAERENSE - CINCUENTA A\u00d1OS\">106-001-035 JORNADA NOTARIAL BONAERENSE - CINCUENTA A\u00d1OS<\/option>\n\t\t\t\t\t\t\t\t\t<option value=\"106-001-026 LA ESCRITURA P\u00daBLICA TOMO IV\">106-001-026 LA ESCRITURA P\u00daBLICA TOMO IV<\/option>\n\t\t\t\t\t\t\t\t\t<option value=\"106-001-024 LA ESCRITURA P\u00daBLICA TOMO III\">106-001-024 LA ESCRITURA P\u00daBLICA TOMO III<\/option>\n\t\t\t\t\t\t\t\t\t<option value=\"106-001-023 ESTUDIOS DE DERECHO NOTARIAL Y REGISTRAL\">106-001-023 ESTUDIOS DE DERECHO NOTARIAL Y REGISTRAL<\/option>\n\t\t\t\t\t\t\t\t\t<option value=\"106-001-019 LAS IMPLICANCIAS DE LOS PLANOS EN LA ACTIVIDAD NOTARIAL CATASTRAL Y REGISTRAL\">106-001-019 LAS IMPLICANCIAS DE LOS PLANOS EN LA ACTIVIDAD NOTARIAL CATASTRAL Y REGISTRAL<\/option>\n\t\t\t\t\t\t\t\t\t<option value=\"106-001-014 TEMAS DE MEDIACI\u00d3N FAMILIAR\">106-001-014 TEMAS DE MEDIACI\u00d3N FAMILIAR<\/option>\n\t\t\t\t\t\t\t\t\t<option value=\"106-001-015 LA ESCRITURA PUBLICA (TOMO I) \">106-001-015 LA ESCRITURA PUBLICA (TOMO I) <\/option>\n\t\t\t\t\t\t\t\t\t<option value=\"106-001-016 LA ESCRITURA PUBLICA (TOMO II) \">106-001-016 LA ESCRITURA PUBLICA (TOMO II) <\/option>\n\t\t\t\t\t\t\t\t\t<option value=\"106-001-013 LINEA DE PARTIDA DE LA ARGENTINA POSIBLE\">106-001-013 LINEA DE PARTIDA DE LA ARGENTINA POSIBLE<\/option>\n\t\t\t\t\t\t\t\t\t<option value=\"106-001-001 CONGRESOS NOTARIALES DEL MERCOSUR\">106-001-001 CONGRESOS NOTARIALES DEL MERCOSUR<\/option>\n\t\t\t\t\t\t\t<\/select>\n\t\t<\/div>\n\t\t\t\t\t\t<\/div>\n\t\t\t\t\t\t\t\t<div class=\"elementor-field-type-text elementor-field-group elementor-column elementor-field-group-factura elementor-col-100 elementor-field-required elementor-mark-required\">\n\t\t\t\t\t\t\t\t\t\t\t\t<label for=\"form-field-factura\" class=\"elementor-field-label\">\n\t\t\t\t\t\t\t\tN\u00famero de factura\t\t\t\t\t\t\t<\/label>\n\t\t\t\t\t\t\t\t\t\t\t\t\t\t<input size=\"1\" type=\"text\" name=\"form_fields[factura]\" id=\"form-field-factura\" class=\"elementor-field elementor-size-md  elementor-field-textual\" required=\"required\" aria-required=\"true\">\n\t\t\t\t\t\t\t\t\t\t\t<\/div>\n\t\t\t\t\t\t\t\t<div class=\"elementor-field-type-select elementor-field-group elementor-column elementor-field-group-motivo elementor-col-100 elementor-field-required elementor-mark-required\">\n\t\t\t\t\t\t\t\t\t\t\t\t<label for=\"form-field-motivo\" class=\"elementor-field-label\">\n\t\t\t\t\t\t\t\tMotivo\t\t\t\t\t\t\t<\/label>\n\t\t\t\t\t\t\t\t<div class=\"elementor-field elementor-select-wrapper remove-before \">\n\t\t\t<div class=\"select-caret-down-wrapper\">\n\t\t\t\t<i aria-hidden=\"true\" class=\"eicon-caret-down\"><\/i>\t\t\t<\/div>\n\t\t\t<select name=\"form_fields[motivo]\" id=\"form-field-motivo\" class=\"elementor-field-textual elementor-size-md\" required=\"required\" aria-required=\"true\">\n\t\t\t\t\t\t\t\t\t<option value=\"Producto da\u00f1ado\">Producto da\u00f1ado<\/option>\n\t\t\t\t\t\t\t\t\t<option value=\"Error en la compra\">Error en la compra<\/option>\n\t\t\t\t\t\t\t\t\t<option value=\"Otro\">Otro<\/option>\n\t\t\t\t\t\t\t<\/select>\n\t\t<\/div>\n\t\t\t\t\t\t<\/div>\n\t\t\t\t\t\t\t\t<div class=\"elementor-field-type-textarea elementor-field-group elementor-column elementor-field-group-observaciones elementor-col-100\">\n\t\t\t\t\t\t\t\t\t\t\t\t<label for=\"form-field-observaciones\" class=\"elementor-field-label\">\n\t\t\t\t\t\t\t\tObservaciones:\t\t\t\t\t\t\t<\/label>\n\t\t\t\t\t\t<textarea class=\"elementor-field-textual elementor-field  elementor-size-md\" name=\"form_fields[observaciones]\" id=\"form-field-observaciones\" rows=\"4\"><\/textarea>\t\t\t\t<\/div>\n\t\t\t\t\t\t\t\t<div class=\"elementor-field-group elementor-column elementor-field-type-submit elementor-col-100 e-form__buttons\">\n\t\t\t\t\t<button class=\"elementor-button elementor-size-sm\" type=\"submit\">\n\t\t\t\t\t\t<span class=\"elementor-button-content-wrapper\">\n\t\t\t\t\t\t\t\t\t\t\t\t\t\t\t\t\t\t\t\t\t\t<span class=\"elementor-button-text\">Enviar<\/span>\n\t\t\t\t\t\t\t\t\t\t\t\t\t<\/span>\n\t\t\t\t\t<\/button>\n\t\t\t\t<\/div>\n\t\t\t<\/div>\n\t\t<\/form>\n\t\t\t\t<\/div>\n\t\t\t\t<\/div>\n\t\t\t\t\t<\/div>\n\t\t<\/div>\n\t\t\t\t\t<\/div>\n\t\t<\/section>\n\t\t\t\t<section class=\"elementor-section elementor-top-section elementor-element elementor-element-05f95c9 elementor-section-boxed elementor-section-height-default elementor-section-height-default\" data-id=\"05f95c9\" data-element_type=\"section\" data-settings=\"{&quot;animation&quot;:&quot;none&quot;}\">\n\t\t\t\t\t\t\t<div class=\"elementor-background-overlay\"><\/div>\n\t\t\t\t\t\t\t<div class=\"elementor-container elementor-column-gap-default\">\n\t\t\t\t\t<div class=\"elementor-column elementor-col-100 elementor-top-column elementor-element elementor-element-242d1ad elementor-invisible\" data-id=\"242d1ad\" data-element_type=\"column\" data-settings=\"{&quot;animation&quot;:&quot;fadeInRight&quot;}\">\n\t\t\t<div class=\"elementor-widget-wrap elementor-element-populated\">\n\t\t\t\t\t\t<div class=\"elementor-element elementor-element-a1973ed elementor-widget elementor-widget-heading\" data-id=\"a1973ed\" data-element_type=\"widget\" data-widget_type=\"heading.default\">\n\t\t\t\t<div class=\"elementor-widget-container\">\n\t\t\t<h2 class=\"elementor-heading-title elementor-size-default\">Devoluci\u00f3n mediante Cuenta Notarial<\/h2>\t\t<\/div>\n\t\t\t\t<\/div>\n\t\t\t\t<div class=\"elementor-element elementor-element-ca5af28 elementor-widget-divider--view-line elementor-widget elementor-widget-divider\" data-id=\"ca5af28\" data-element_type=\"widget\" data-widget_type=\"divider.default\">\n\t\t\t\t<div class=\"elementor-widget-container\">\n\t\t\t\t\t<div class=\"elementor-divider\">\n\t\t\t<span class=\"elementor-divider-separator\">\n\t\t\t\t\t\t<\/span>\n\t\t<\/div>\n\t\t\t\t<\/div>\n\t\t\t\t<\/div>\n\t\t\t\t<div class=\"elementor-element elementor-element-610777f elementor-widget elementor-widget-text-editor\" data-id=\"610777f\" data-element_type=\"widget\" data-widget_type=\"text-editor.default\">\n\t\t\t\t<div class=\"elementor-widget-container\">\n\t\t\t\t\t\t\t<p>Si Usted es un escribano de la Provincia de Buenos Aires, pag\u00f3 el libro mediante su Cuenta Notarial y desea devolver el mismo, deber\u00e1 acceder al bot\u00f3n de arrepentimiento a trav\u00e9s del siguiente link:<\/p>\t\t\t\t\t\t<\/div>\n\t\t\t\t<\/div>\n\t\t\t\t<div class=\"elementor-element elementor-element-646dbf7 elementor-align-center elementor-widget elementor-widget-button\" data-id=\"646dbf7\" data-element_type=\"widget\" data-widget_type=\"button.default\">\n\t\t\t\t<div class=\"elementor-widget-container\">\n\t\t\t\t\t\t\t<div class=\"elementor-button-wrapper\">\n\t\t\t\t\t<a class=\"elementor-button elementor-button-link elementor-size-sm\" href=\"https:\/\/sso.colescba.org.ar\/cas\/login?service=https%3A%2F%2Fwww.colescba.org.ar%2Ffen%2Flogin%2Fcas\" target=\"_blank\">\n\t\t\t\t\t\t<span class=\"elementor-button-content-wrapper\">\n\t\t\t\t\t\t<span class=\"elementor-button-icon\">\n\t\t\t\t<i aria-hidden=\"true\" class=\"fas fa-lock\"><\/i>\t\t\t<\/span>\n\t\t\t\t\t\t\t\t\t<span class=\"elementor-button-text\">Ingresar<\/span>\n\t\t\t\t\t<\/span>\n\t\t\t\t\t<\/a>\n\t\t\t\t<\/div>\n\t\t\t\t\t\t<\/div>\n\t\t\t\t<\/div>\n\t\t\t\t\t<\/div>\n\t\t<\/div>\n\t\t\t\t\t<\/div>\n\t\t<\/section>\n\t\t\t\t<\/div>\n\t\t","protected":false},"excerpt":{"rendered":"<p>Bot\u00f3n de arrepentimiento Mediante este formulario usted puede gestionar la devoluci\u00f3n de un libro adquirido a la Fundaci\u00f3n Editora Notarial por medio de transferencia bancaria o MercadoPago. Una vez recibida la solicitud de devoluci\u00f3n, personal de la Fundaci\u00f3n Editora Notarial se comunicar\u00e1 telef\u00f3nicamente con Usted para coordinar el procedimiento. Recibido por parte de la Fundaci\u00f3n [&hellip;]<\/p>\n","protected":false},"author":6,"featured_media":45188,"parent":21174,"menu_order":0,"comment_status":"closed","ping_status":"closed","template":"","meta":{"footnotes":""},"class_list":["post-23741","page","type-page","status-publish","has-post-thumbnail","hentry"],"acf":[],"_links":{"self":[{"href":"https:\/\/www.colescba.org.ar\/portal\/wp-json\/wp\/v2\/pages\/23741","targetHints":{"allow":["GET"]}}],"collection":[{"href":"https:\/\/www.colescba.org.ar\/portal\/wp-json\/wp\/v2\/pages"}],"about":[{"href":"https:\/\/www.colescba.org.ar\/portal\/wp-json\/wp\/v2\/types\/page"}],"author":[{"embeddable":true,"href":"https:\/\/www.colescba.org.ar\/portal\/wp-json\/wp\/v2\/users\/6"}],"replies":[{"embeddable":true,"href":"https:\/\/www.colescba.org.ar\/portal\/wp-json\/wp\/v2\/comments?post=23741"}],"version-history":[{"count":104,"href":"https:\/\/www.colescba.org.ar\/portal\/wp-json\/wp\/v2\/pages\/23741\/revisions"}],"predecessor-version":[{"id":60251,"href":"https:\/\/www.colescba.org.ar\/portal\/wp-json\/wp\/v2\/pages\/23741\/revisions\/60251"}],"up":[{"embeddable":true,"href":"https:\/\/www.colescba.org.ar\/portal\/wp-json\/wp\/v2\/pages\/21174"}],"wp:featuredmedia":[{"embeddable":true,"href":"https:\/\/www.colescba.org.ar\/portal\/wp-json\/wp\/v2\/media\/45188"}],"wp:attachment":[{"href":"https:\/\/www.colescba.org.ar\/portal\/wp-json\/wp\/v2\/media?parent=23741"}],"curies":[{"name":"wp","href":"https:\/\/api.w.org\/{rel}","templated":true}]}}