{"id":3518,"date":"2022-02-22T13:06:28","date_gmt":"2022-02-22T13:06:28","guid":{"rendered":"https:\/\/www.colescba.org.ar\/portal\/?page_id=3518"},"modified":"2024-08-14T09:24:49","modified_gmt":"2024-08-14T12:24:49","slug":"centros-de-vacunacion","status":"publish","type":"page","link":"https:\/\/www.colescba.org.ar\/portal\/caja-seguridad-social\/salud\/convenios\/centros-de-vacunacion","title":{"rendered":"Centros de Vacunaci\u00f3n"},"content":{"rendered":"\t\t<div data-elementor-type=\"wp-page\" data-elementor-id=\"3518\" class=\"elementor elementor-3518\" data-elementor-post-type=\"page\">\n\t\t\t\t\t\t<section class=\"elementor-section elementor-top-section elementor-element elementor-element-90d4a8b elementor-section-boxed elementor-section-height-default elementor-section-height-default\" data-id=\"90d4a8b\" data-element_type=\"section\" data-settings=\"{&quot;background_background&quot;:&quot;classic&quot;}\">\n\t\t\t\t\t\t<div class=\"elementor-container elementor-column-gap-default\">\n\t\t\t\t\t<div class=\"elementor-column elementor-col-100 elementor-top-column elementor-element elementor-element-9245f04\" data-id=\"9245f04\" data-element_type=\"column\">\n\t\t\t<div class=\"elementor-widget-wrap elementor-element-populated\">\n\t\t\t\t\t\t<section class=\"elementor-section elementor-inner-section elementor-element elementor-element-b134b76 elementor-section-boxed elementor-section-height-default elementor-section-height-default\" data-id=\"b134b76\" data-element_type=\"section\">\n\t\t\t\t\t\t<div class=\"elementor-container elementor-column-gap-default\">\n\t\t\t\t\t<div class=\"elementor-column elementor-col-100 elementor-inner-column elementor-element elementor-element-21cbe20\" data-id=\"21cbe20\" data-element_type=\"column\">\n\t\t\t<div class=\"elementor-widget-wrap elementor-element-populated\">\n\t\t\t\t\t\t<div class=\"elementor-element elementor-element-a1633e6 elementor-widget elementor-widget-heading\" data-id=\"a1633e6\" data-element_type=\"widget\" data-widget_type=\"heading.default\">\n\t\t\t\t<div class=\"elementor-widget-container\">\n\t\t\t<h1 class=\"elementor-heading-title elementor-size-default\">Centros de Vacunaci\u00f3n<\/h1>\t\t<\/div>\n\t\t\t\t<\/div>\n\t\t\t\t\t<\/div>\n\t\t<\/div>\n\t\t\t\t\t<\/div>\n\t\t<\/section>\n\t\t\t\t\t<\/div>\n\t\t<\/div>\n\t\t\t\t\t<\/div>\n\t\t<\/section>\n\t\t\t\t<section class=\"elementor-section elementor-top-section elementor-element elementor-element-5c7363e elementor-section-boxed elementor-section-height-default elementor-section-height-default\" data-id=\"5c7363e\" data-element_type=\"section\">\n\t\t\t\t\t\t<div class=\"elementor-container elementor-column-gap-default\">\n\t\t\t\t\t<div class=\"elementor-column elementor-col-50 elementor-top-column elementor-element elementor-element-078af42\" data-id=\"078af42\" data-element_type=\"column\">\n\t\t\t<div class=\"elementor-widget-wrap elementor-element-populated\">\n\t\t\t\t\t\t<div class=\"elementor-element elementor-element-8e30339 elementor-widget elementor-widget-heading\" data-id=\"8e30339\" data-element_type=\"widget\" data-widget_type=\"heading.default\">\n\t\t\t\t<div class=\"elementor-widget-container\">\n\t\t\t<h2 class=\"elementor-heading-title elementor-size-medium\">La atenci\u00f3n es \u00fanicamente por medio de turnos solicitados en la p\u00e1gina  <a href=\"https:\/\/www.vacunar.com.ar\" target=\"_blank\" style=\"color:#01AE8F\">www.vacunar.com.ar<\/a>\n<br><\/h2>\t\t<\/div>\n\t\t\t\t<\/div>\n\t\t\t\t<div class=\"elementor-element elementor-element-8c79c68 elementor-widget elementor-widget-text-editor\" data-id=\"8c79c68\" data-element_type=\"widget\" data-widget_type=\"text-editor.default\">\n\t\t\t\t<div class=\"elementor-widget-container\">\n\t\t\t\t\t\t\tLe sugerimos consultar en dicha pagina los horarios y la ubicaci\u00f3n de cada uno de los centros de vacunaci\u00f3n.\t\t\t\t\t\t<\/div>\n\t\t\t\t<\/div>\n\t\t\t\t\t<\/div>\n\t\t<\/div>\n\t\t\t\t<div class=\"elementor-column elementor-col-50 elementor-top-column elementor-element elementor-element-bb28463\" data-id=\"bb28463\" data-element_type=\"column\">\n\t\t\t<div class=\"elementor-widget-wrap elementor-element-populated\">\n\t\t\t\t\t\t<div class=\"elementor-element elementor-element-f32d29c elementor-widget elementor-widget-heading\" data-id=\"f32d29c\" data-element_type=\"widget\" data-widget_type=\"heading.default\">\n\t\t\t\t<div class=\"elementor-widget-container\">\n\t\t\t<h2 class=\"elementor-heading-title elementor-size-default\">Vias de consulta Vacunar:<\/h2>\t\t<\/div>\n\t\t\t\t<\/div>\n\t\t\t\t<div class=\"elementor-element elementor-element-ed558a8 elementor-align-left elementor-icon-list--layout-traditional elementor-list-item-link-full_width elementor-widget elementor-widget-icon-list\" data-id=\"ed558a8\" data-element_type=\"widget\" data-widget_type=\"icon-list.default\">\n\t\t\t\t<div class=\"elementor-widget-container\">\n\t\t\t\t\t<ul class=\"elementor-icon-list-items\">\n\t\t\t\t\t\t\t<li class=\"elementor-icon-list-item\">\n\t\t\t\t\t\t\t\t\t\t\t<a href=\"tel:0810-444-8228\">\n\n\t\t\t\t\t\t\t\t\t\t\t\t<span class=\"elementor-icon-list-icon\">\n\t\t\t\t\t\t\t<i aria-hidden=\"true\" class=\"fas fa-phone\"><\/i>\t\t\t\t\t\t<\/span>\n\t\t\t\t\t\t\t\t\t\t<span class=\"elementor-icon-list-text\">0810-444-8228<\/span>\n\t\t\t\t\t\t\t\t\t\t\t<\/a>\n\t\t\t\t\t\t\t\t\t<\/li>\n\t\t\t\t\t\t\t\t<li class=\"elementor-icon-list-item\">\n\t\t\t\t\t\t\t\t\t\t\t<a href=\"mailto:info@vacunar.com.ar\">\n\n\t\t\t\t\t\t\t\t\t\t\t\t<span class=\"elementor-icon-list-icon\">\n\t\t\t\t\t\t\t<i aria-hidden=\"true\" class=\"fas fa-envelope\"><\/i>\t\t\t\t\t\t<\/span>\n\t\t\t\t\t\t\t\t\t\t<span class=\"elementor-icon-list-text\">info@vacunar.com.ar<\/span>\n\t\t\t\t\t\t\t\t\t\t\t<\/a>\n\t\t\t\t\t\t\t\t\t<\/li>\n\t\t\t\t\t\t\t\t<li class=\"elementor-icon-list-item\">\n\t\t\t\t\t\t\t\t\t\t\t<a href=\"https:\/\/vacunar.com.ar\/contacto\/\" target=\"_blank\">\n\n\t\t\t\t\t\t\t\t\t\t\t\t<span class=\"elementor-icon-list-icon\">\n\t\t\t\t\t\t\t<i aria-hidden=\"true\" class=\"fas fa-link\"><\/i>\t\t\t\t\t\t<\/span>\n\t\t\t\t\t\t\t\t\t\t<span class=\"elementor-icon-list-text\">www.vacunar.com.ar\/contacto<\/span>\n\t\t\t\t\t\t\t\t\t\t\t<\/a>\n\t\t\t\t\t\t\t\t\t<\/li>\n\t\t\t\t\t\t\t\t<li class=\"elementor-icon-list-item\">\n\t\t\t\t\t\t\t\t\t\t\t<a href=\"https:\/\/www.facebook.com\/CentrosVacunar\" target=\"_blank\">\n\n\t\t\t\t\t\t\t\t\t\t\t\t<span class=\"elementor-icon-list-icon\">\n\t\t\t\t\t\t\t<i aria-hidden=\"true\" class=\"fab fa-facebook-f\"><\/i>\t\t\t\t\t\t<\/span>\n\t\t\t\t\t\t\t\t\t\t<span class=\"elementor-icon-list-text\">www.facebook.com\/CentrosVacunar<\/span>\n\t\t\t\t\t\t\t\t\t\t\t<\/a>\n\t\t\t\t\t\t\t\t\t<\/li>\n\t\t\t\t\t\t<\/ul>\n\t\t\t\t<\/div>\n\t\t\t\t<\/div>\n\t\t\t\t\t<\/div>\n\t\t<\/div>\n\t\t\t\t\t<\/div>\n\t\t<\/section>\n\t\t\t\t<section class=\"elementor-section elementor-top-section elementor-element elementor-element-3f0e79e elementor-section-boxed elementor-section-height-default elementor-section-height-default\" data-id=\"3f0e79e\" data-element_type=\"section\">\n\t\t\t\t\t\t<div class=\"elementor-container elementor-column-gap-default\">\n\t\t\t\t\t<div class=\"elementor-column elementor-col-100 elementor-top-column elementor-element elementor-element-f8180e9\" data-id=\"f8180e9\" data-element_type=\"column\">\n\t\t\t<div class=\"elementor-widget-wrap elementor-element-populated\">\n\t\t\t\t\t\t<div class=\"elementor-element elementor-element-035ba58 elementor-widget elementor-widget-text-editor\" data-id=\"035ba58\" data-element_type=\"widget\" data-widget_type=\"text-editor.default\">\n\t\t\t\t<div class=\"elementor-widget-container\">\n\t\t\t\t\t\t\t<ul><li>Shopping DOT, Vedia 3626\u00a0(C.A.B.A.)<\/li><li>Centro Coghland, Av. Monroe 3407 (C.A.B.A.)<\/li><li>Centro Belgrano, Jos\u00e9 Hern\u00e1ndez 2562 (C.A.B.A.)<\/li><li>Centro Palermo, Paraguay 3949 (C.A.B.A.)<\/li><li>Centro Caballito, Acoyte 185 (C.A.B.A.)<\/li><li>Centro Liniers, Montiel 174 (C.A.B.A.)<\/li><li>Centro Cemic Caballito, Av. Rivadavia 6044 (C.A.B.A.)<\/li><li>Centro Cemic Saavedra, Av. Av. E. Galv\u00e1n 4102 (C.A.B.A.)<\/li><li>Centro Flores, Av. Carabobo 43 (C.A.B.A.)<\/li><li>Centro Villa Devoto, Emilio Lamarca 3388 esquina Francisco Beir\u00f3 (C.A.B.A.)<\/li><li>Centro Villa Urquiza, Blanco Encalada 4881 (C.A.B.A.)<\/li><li>Centro Almagro, Gasc\u00f3n 79 (C.A.B.A.) &#8211; Centro M\u00e9dico Hu\u00e9sped<\/li><li>Centro Ca\u00f1itas, Luis Mar\u00eda Campos 765 (C.A.B.A.)<\/li><li>Centro Lanus Este, Basavilbaso 1854 &#8211; Delegaci\u00f3n Lomas de Zamora<\/li><li>Centro Castelar, Montes de Oca 2231 (IPC &#8211; Instituto M\u00e9dico) &#8211; Delegaci\u00f3n Mor\u00f3n<\/li><li>Centro Florida, Hilari\u00f3n de la Quintana 782 (Consultorio M\u00e9dico Maip\u00fa) &#8211; Delegaci\u00f3n San Isidro<\/li><li>Centro San Isidro &#8211; Las Lomas, Monse\u00f1or Magliano 3041 &#8211; Delegaci\u00f3n San Isidro<\/li><li>Centro Pilar, Av. Juan D. Per\u00f3n 1500 (Hospital Austral) &#8211; Delegaci\u00f3n San Mart\u00edn<\/li><\/ul>\t\t\t\t\t\t<\/div>\n\t\t\t\t<\/div>\n\t\t\t\t\t<\/div>\n\t\t<\/div>\n\t\t\t\t\t<\/div>\n\t\t<\/section>\n\t\t\t\t<section class=\"elementor-section elementor-top-section elementor-element elementor-element-31d6a8d elementor-section-boxed elementor-section-height-default elementor-section-height-default\" data-id=\"31d6a8d\" data-element_type=\"section\" data-settings=\"{&quot;background_background&quot;:&quot;classic&quot;}\">\n\t\t\t\t\t\t<div class=\"elementor-container elementor-column-gap-default\">\n\t\t\t\t\t<div class=\"elementor-column elementor-col-100 elementor-top-column elementor-element elementor-element-e07e7de\" data-id=\"e07e7de\" data-element_type=\"column\">\n\t\t\t<div class=\"elementor-widget-wrap elementor-element-populated\">\n\t\t\t\t\t\t<div class=\"elementor-element elementor-element-ce93a98 elementor-widget elementor-widget-heading\" data-id=\"ce93a98\" data-element_type=\"widget\" data-widget_type=\"heading.default\">\n\t\t\t\t<div class=\"elementor-widget-container\">\n\t\t\t<h2 class=\"elementor-heading-title elementor-size-default\"><a href=\"\">Vacunar en casa<\/a><\/h2>\t\t<\/div>\n\t\t\t\t<\/div>\n\t\t\t\t<div class=\"elementor-element elementor-element-e6b4bf0 elementor-widget elementor-widget-text-editor\" data-id=\"e6b4bf0\" data-element_type=\"widget\" data-widget_type=\"text-editor.default\">\n\t\t\t\t<div class=\"elementor-widget-container\">\n\t\t\t\t\t\t\t<p>Vacunar ofrece, sin cargo alguno, la posibilidad de\u00a0vacunarse en el hogar.<\/p>\t\t\t\t\t\t<\/div>\n\t\t\t\t<\/div>\n\t\t\t\t<div class=\"elementor-element elementor-element-7990a4b elementor-cta--layout-image-above elementor-cta--valign-middle elementor-widget__width-initial elementor-cta--skin-classic elementor-animated-content elementor-widget elementor-widget-call-to-action\" data-id=\"7990a4b\" data-element_type=\"widget\" data-widget_type=\"call-to-action.default\">\n\t\t\t\t<div class=\"elementor-widget-container\">\n\t\t\t\t\t<a class=\"elementor-cta\" href=\"https:\/\/www.colescba.org.ar\/portal\/wp-content\/uploads\/2023\/04\/VACUNAR-en-casa.pdf\" target=\"_blank\">\n\t\t\t\t\t\t\t<div class=\"elementor-cta__content\">\n\t\t\t\t\t\t\t\t\t<div class=\"elementor-content-item elementor-cta__content-item elementor-icon-wrapper elementor-cta__icon elementor-view-default\">\n\t\t\t\t\t\t<div class=\"elementor-icon\">\n\t\t\t\t\t\t\t<i aria-hidden=\"true\" class=\"fas fa-file-download\"><\/i>\t\t\t\t\t\t<\/div>\n\t\t\t\t\t<\/div>\n\t\t\t\t\n\t\t\t\t\t\t\t\t\t<h4 class=\"elementor-cta__title elementor-cta__content-item elementor-content-item\">\n\t\t\t\t\t\tVacunar en Casa\t\t\t\t\t<\/h4>\n\t\t\t\t\n\t\t\t\t\n\t\t\t\t\t\t\t\t\t<div class=\"elementor-cta__button-wrapper elementor-cta__content-item elementor-content-item \">\n\t\t\t\t\t<span class=\"elementor-cta__button elementor-button elementor-size-\">\n\t\t\t\t\t\tDescargar\t\t\t\t\t<\/span>\n\t\t\t\t\t<\/div>\n\t\t\t\t\t\t\t<\/div>\n\t\t\t\t\t\t<\/a>\n\t\t\t\t<\/div>\n\t\t\t\t<\/div>\n\t\t\t\t\t<\/div>\n\t\t<\/div>\n\t\t\t\t\t<\/div>\n\t\t<\/section>\n\t\t\t\t<section class=\"elementor-section elementor-top-section elementor-element elementor-element-35722e5 elementor-section-boxed elementor-section-height-default elementor-section-height-default\" data-id=\"35722e5\" data-element_type=\"section\">\n\t\t\t\t\t\t<div class=\"elementor-container elementor-column-gap-default\">\n\t\t\t\t\t<div class=\"elementor-column elementor-col-100 elementor-top-column elementor-element elementor-element-96c8583\" data-id=\"96c8583\" data-element_type=\"column\">\n\t\t\t<div class=\"elementor-widget-wrap elementor-element-populated\">\n\t\t\t\t\t\t<div class=\"elementor-element elementor-element-ce32f38 elementor-widget elementor-widget-heading\" data-id=\"ce32f38\" data-element_type=\"widget\" data-widget_type=\"heading.default\">\n\t\t\t\t<div class=\"elementor-widget-container\">\n\t\t\t<h2 class=\"elementor-heading-title elementor-size-default\">Previvax<\/h2>\t\t<\/div>\n\t\t\t\t<\/div>\n\t\t\t\t<div class=\"elementor-element elementor-element-33b7552 elementor-widget elementor-widget-text-editor\" data-id=\"33b7552\" data-element_type=\"widget\" data-widget_type=\"text-editor.default\">\n\t\t\t\t<div class=\"elementor-widget-container\">\n\t\t\t\t\t\t\t<ul>\n<li>\n<div>Sede Pilar &#8211; Centro M\u00e9dico Deragopyan:&nbsp;Panamericana Km 52.5<\/div>\n<div>Tel.: 4304-4144 opci\u00f3n 1 &#8211;&nbsp;<span><a style=\"color: #01ae8f;\" href=\"mailto:sedepilar@previvax.com.ar\">sedepilar@previvax.com.ar<\/a><\/span><\/div>\n<div>Lunes a viernes de 11.30 a 18.30 hs.<\/div>\n<\/li>\n<li>\n<div>Sede Palermo: Av. C\u00f3rdoba 5775 (C.A.B.A.)<br>Tel.: 4774-1246 &#8211;&nbsp;<span><a style=\"color: #01ae8f;\" href=\"mailto:sedepalermo@previvax.com.ar\">sedepalermo@previvax.com.ar<\/a><\/span><br>Lunes a Viernes de 11.30 a 19 horas y S\u00e1bados de 9 a 13.30 hs.<\/div>\n<\/li>\n<li>Sede Flores \u2013 Cl\u00ednica Santa Isabel: Av. Directorio 2037 \u2013 1er. piso &#8211; (C.A.B.A.)<br>Tel.: 4670-8000 int. 55381\/2 &#8211;&nbsp;<span><a style=\"color: #01ae8f;\" href=\"mailto:sedeflores@previvax.com.ar\">sedeflores@previvax.com.ar<\/a><\/span><br>Lunes a Viernes de 8 a 20 horas y S\u00e1bados de 9 a 13.30 hs.<\/li>\n<li>Sede Recoleta \u2013 IADT: M.T. de Alvear 2346 \u2013 (C.A.B.A.)<br>Tel.: 4965-6500 int. 0117 &#8211;&nbsp;<span><a style=\"color: #01ae8f;\" href=\"mailto:sederecoleta@previvax.com.ar\">sederecoleta@previvax.com.ar<\/a><\/span><br>Lunes a Viernes de 8 a 19.30 horas y S\u00e1bados de 9 a 13 hs.<\/li><li><p><span lang=\"ES-MX\">Sede Bazterrica (Cl\u00ednica Bazterrica) &#8211; Billinghurst 2072 1er piso<br>Lunes a Viernes de 10 a 17 horas y S\u00e1bados de 8 a 12.30 hs.<\/span><\/p><\/li>\n<li>Sede San Isidro \u2013 Centro M\u00e9dico Mart\u00edn y Omar\/Sanatorio San Lucas: Mart\u00edn y Omar 352 &#8211; San Isidro<br>Tel.: 5298-6350 int. 5146 &#8211;&nbsp;<span><a style=\"color: #01ae8f;\" href=\"mailto:sedesanisidrocentro@previvax.com.ar\">sedesanisidrocentro@previvax.com.ar<\/a><\/span><br>Lunes a Viernes de 8 a 20 horas y S\u00e1bados de 9 a 13.30 hs.<\/li>\n<li>Sede Temperley \u2013 Sanatorio Juncal: Av. Almte. Brown 2779 &#8211; Temperley<br>Tel.: 4239-8855 &#8211;&nbsp;<span><a style=\"color: #01ae8f;\" href=\"mailto:sedetemperley@previvax.com.ar\">sedetemperley@previvax.com.ar&nbsp;<\/a><\/span><br>Lunes a Viernes de 11.30 a 19 horas y S\u00e1bados de 9 a 13.30 hs.<\/li>\n<li>Sede Mar del Plata \u2013 Cl\u00ednica 25 de Mayo: 25 de Mayo 3588 \u2013 Mar del Plata<br>Tel.: (0223) 499-4000 int. 714 &#8211;&nbsp;<span><a style=\"color: #01ae8f;\" href=\"mailto:sedemardelplata@previvax.com.ar\">sedemardelplata@previvax.com.ar<\/a><\/span><br>Lunes a viernes de 9 a 12.30 horas y 16 a 20 horas. S\u00e1bados de 9 a 13 hs.<\/li>\n<li>Sede Paseo Aldrey Shopping &#8211; Sarmiento 2685 2\u00b0 subsuelo Paseo Aldrey Shopping &#8211; Mar del Plata. Whatsapp: 1127461768<br>Tel.: (011) 4304-4144 opci\u00f3n 2 &#8211; <a style=\"color: #01ae8f;\" href=\"mailto:sedealdrey@previvax.com.ar\">sedealdrey@previvax.com.ar<\/a><br>Lunes a Viernes de 15 a 20 hs.<\/li>\n<\/ul>\t\t\t\t\t\t<\/div>\n\t\t\t\t<\/div>\n\t\t\t\t\t<\/div>\n\t\t<\/div>\n\t\t\t\t\t<\/div>\n\t\t<\/section>\n\t\t\t\t<\/div>\n\t\t","protected":false},"excerpt":{"rendered":"<p>Centros de Vacunaci\u00f3n La atenci\u00f3n es \u00fanicamente por medio de turnos solicitados en la p\u00e1gina www.vacunar.com.ar Le sugerimos consultar en dicha pagina los horarios y la ubicaci\u00f3n de cada uno de los centros de vacunaci\u00f3n. Vias de consulta Vacunar: 0810-444-8228 info@vacunar.com.ar www.vacunar.com.ar\/contacto www.facebook.com\/CentrosVacunar Shopping DOT, Vedia 3626\u00a0(C.A.B.A.) Centro Coghland, Av. Monroe 3407 (C.A.B.A.) Centro Belgrano, [&hellip;]<\/p>\n","protected":false},"author":3,"featured_media":11814,"parent":1792,"menu_order":0,"comment_status":"closed","ping_status":"closed","template":"","meta":{"footnotes":""},"class_list":["post-3518","page","type-page","status-publish","has-post-thumbnail","hentry"],"acf":[],"_links":{"self":[{"href":"https:\/\/www.colescba.org.ar\/portal\/wp-json\/wp\/v2\/pages\/3518","targetHints":{"allow":["GET"]}}],"collection":[{"href":"https:\/\/www.colescba.org.ar\/portal\/wp-json\/wp\/v2\/pages"}],"about":[{"href":"https:\/\/www.colescba.org.ar\/portal\/wp-json\/wp\/v2\/types\/page"}],"author":[{"embeddable":true,"href":"https:\/\/www.colescba.org.ar\/portal\/wp-json\/wp\/v2\/users\/3"}],"replies":[{"embeddable":true,"href":"https:\/\/www.colescba.org.ar\/portal\/wp-json\/wp\/v2\/comments?post=3518"}],"version-history":[{"count":95,"href":"https:\/\/www.colescba.org.ar\/portal\/wp-json\/wp\/v2\/pages\/3518\/revisions"}],"predecessor-version":[{"id":45863,"href":"https:\/\/www.colescba.org.ar\/portal\/wp-json\/wp\/v2\/pages\/3518\/revisions\/45863"}],"up":[{"embeddable":true,"href":"https:\/\/www.colescba.org.ar\/portal\/wp-json\/wp\/v2\/pages\/1792"}],"wp:featuredmedia":[{"embeddable":true,"href":"https:\/\/www.colescba.org.ar\/portal\/wp-json\/wp\/v2\/media\/11814"}],"wp:attachment":[{"href":"https:\/\/www.colescba.org.ar\/portal\/wp-json\/wp\/v2\/media?parent=3518"}],"curies":[{"name":"wp","href":"https:\/\/api.w.org\/{rel}","templated":true}]}}