{"id":40989,"date":"2024-03-27T10:41:59","date_gmt":"2024-03-27T13:41:59","guid":{"rendered":"https:\/\/www.colescba.org.ar\/portal\/?page_id=40989"},"modified":"2026-03-05T09:13:41","modified_gmt":"2026-03-05T12:13:41","slug":"observatorio-de-genero","status":"publish","type":"page","link":"https:\/\/www.colescba.org.ar\/portal\/novedades\/derechos-humanos\/observatorio-de-genero","title":{"rendered":"Observatorio de G\u00e9nero"},"content":{"rendered":"\t\t<div data-elementor-type=\"wp-page\" data-elementor-id=\"40989\" class=\"elementor elementor-40989\" data-elementor-post-type=\"page\">\n\t\t\t\t\t\t<section class=\"elementor-section elementor-top-section elementor-element elementor-element-fd7c637 elementor-section-boxed elementor-section-height-default elementor-section-height-default\" data-id=\"fd7c637\" data-element_type=\"section\" data-settings=\"{&quot;background_background&quot;:&quot;classic&quot;}\">\n\t\t\t\t\t\t\t<div class=\"elementor-background-overlay\"><\/div>\n\t\t\t\t\t\t\t<div class=\"elementor-container elementor-column-gap-default\">\n\t\t\t\t\t<div class=\"elementor-column elementor-col-100 elementor-top-column elementor-element elementor-element-62a5544\" data-id=\"62a5544\" data-element_type=\"column\">\n\t\t\t<div class=\"elementor-widget-wrap elementor-element-populated\">\n\t\t\t\t\t\t<section class=\"elementor-section elementor-inner-section elementor-element elementor-element-38591b4 elementor-section-boxed elementor-section-height-default elementor-section-height-default\" data-id=\"38591b4\" data-element_type=\"section\">\n\t\t\t\t\t\t<div class=\"elementor-container elementor-column-gap-default\">\n\t\t\t\t\t<div class=\"elementor-column elementor-col-100 elementor-inner-column elementor-element elementor-element-1e24d35\" data-id=\"1e24d35\" data-element_type=\"column\">\n\t\t\t<div class=\"elementor-widget-wrap elementor-element-populated\">\n\t\t\t\t\t\t<div class=\"elementor-element elementor-element-7e18aba elementor-widget elementor-widget-heading\" data-id=\"7e18aba\" data-element_type=\"widget\" data-widget_type=\"heading.default\">\n\t\t\t\t<div class=\"elementor-widget-container\">\n\t\t\t<h1 class=\"elementor-heading-title elementor-size-default\">Observatorio de g\u00e9nero<\/h1>\t\t<\/div>\n\t\t\t\t<\/div>\n\t\t\t\t\t<\/div>\n\t\t<\/div>\n\t\t\t\t\t<\/div>\n\t\t<\/section>\n\t\t\t\t\t<\/div>\n\t\t<\/div>\n\t\t\t\t\t<\/div>\n\t\t<\/section>\n\t\t<div class=\"elementor-element elementor-element-5254583 e-flex e-con-boxed e-con e-parent\" data-id=\"5254583\" data-element_type=\"container\">\n\t\t\t\t\t<div class=\"e-con-inner\">\n\t\t<div class=\"elementor-element elementor-element-d127b59 e-con-full e-flex e-con e-child\" data-id=\"d127b59\" data-element_type=\"container\">\n\t\t\t\t<div class=\"elementor-element elementor-element-964615f elementor-widget elementor-widget-heading\" data-id=\"964615f\" data-element_type=\"widget\" data-widget_type=\"heading.default\">\n\t\t\t\t<div class=\"elementor-widget-container\">\n\t\t\t<h2 class=\"elementor-heading-title elementor-size-default\">Objetivo general<\/h2>\t\t<\/div>\n\t\t\t\t<\/div>\n\t\t\t\t<div class=\"elementor-element elementor-element-d6e0c4a elementor-widget elementor-widget-text-editor\" data-id=\"d6e0c4a\" data-element_type=\"widget\" data-widget_type=\"text-editor.default\">\n\t\t\t\t<div class=\"elementor-widget-container\">\n\t\t\t\t\t\t\t<p>El Observatorio de G\u00e9nero del Colegio de Escribanos de la Provincia de Buenos Aires tiene como finalidad principal la visibilizaci\u00f3n de la vulnerabilidad que provoca la violencia en las relaciones jur\u00eddicas.<\/p><p>Con ese objetivo en mira se propone el relevamiento, estudio, an\u00e1lisis, clasificaci\u00f3n y categorizaci\u00f3n de la jurisprudencia nacional y provincial en materia de perspectiva e igualdad de g\u00e9nero y oportunidades, a fin de que el notariado conozca el impacto que tienen los pronunciamientos judiciales sobre el ejercicio de la funci\u00f3n notarial.<\/p><p>Hoy, y a pesar de los avances conseguidos, persisten desigualdades de g\u00e9nero que limitan el ejercicio pleno de los derechos de las mujeres y su autonom\u00eda en diferentes esferas de la sociedad, y en consecuencia la igualdad sustantiva entre hombres y mujeres contin\u00faa siendo un desaf\u00edo.<\/p><p>Con esta iniciativa,\u00a0<strong>el Colegio se posiciona hacia el futuro,<\/strong>\u00a0demuestra su inter\u00e9s en afrontar los cambios y hace lo que siempre hizo con \u00e9xito: tejer ese hilo invisible que conforma la red primaria de seguridad jur\u00eddica preventiva, para lo cual es esencial la persistencia en la capacitaci\u00f3n permanente, compromiso irrenunciable que ha caracterizado a la Instituci\u00f3n en su m\u00e1s que centenaria historia.<\/p><p>El Observatorio funciona bajo la \u00f3rbita de la Vicepresidente 2\u00aa y cuenta con la colaboraci\u00f3n de las notarias Juana Bovati y Nancy Borka. Contiene un espacio dedicado a la normativa sobre g\u00e9nero, ordenada por tipo de norma, desde los tratados internacionales hasta las normas locales que impactan en la actividad notarial en el marco de esta tem\u00e1tica.<\/p>\t\t\t\t\t\t<\/div>\n\t\t\t\t<\/div>\n\t\t\t\t<\/div>\n\t\t<div class=\"elementor-element elementor-element-63c7526 e-con-full e-flex e-con e-child\" data-id=\"63c7526\" data-element_type=\"container\">\n\t\t\t\t<div class=\"elementor-element elementor-element-34a5a5f elementor-widget elementor-widget-image\" data-id=\"34a5a5f\" data-element_type=\"widget\" data-widget_type=\"image.default\">\n\t\t\t\t<div class=\"elementor-widget-container\">\n\t\t\t\t\t\t\t\t\t\t\t\t\t<img fetchpriority=\"high\" decoding=\"async\" width=\"466\" height=\"334\" src=\"https:\/\/www.colescba.org.ar\/portal\/wp-content\/uploads\/2024\/06\/Logo-Observatorio-Genero-2024-chico.jpg\" class=\"attachment-full size-full wp-image-42764\" alt=\"\" srcset=\"https:\/\/www.colescba.org.ar\/portal\/wp-content\/uploads\/2024\/06\/Logo-Observatorio-Genero-2024-chico.jpg 466w, https:\/\/www.colescba.org.ar\/portal\/wp-content\/uploads\/2024\/06\/Logo-Observatorio-Genero-2024-chico-300x215.jpg 300w, https:\/\/www.colescba.org.ar\/portal\/wp-content\/uploads\/2024\/06\/Logo-Observatorio-Genero-2024-chico-50x36.jpg 50w\" sizes=\"(max-width: 466px) 100vw, 466px\" \/>\t\t\t\t\t\t\t\t\t\t\t\t\t<\/div>\n\t\t\t\t<\/div>\n\t\t\t\t<\/div>\n\t\t\t\t\t<\/div>\n\t\t\t\t<\/div>\n\t\t<div class=\"elementor-element elementor-element-5fb2a98 e-flex e-con-boxed e-con e-parent\" data-id=\"5fb2a98\" data-element_type=\"container\">\n\t\t\t\t\t<div class=\"e-con-inner\">\n\t\t<div class=\"elementor-element elementor-element-12524b5 e-con-full e-flex e-con e-child\" data-id=\"12524b5\" data-element_type=\"container\">\n\t\t\t\t<div class=\"elementor-element elementor-element-79feddc elementor-widget elementor-widget-heading\" data-id=\"79feddc\" data-element_type=\"widget\" data-widget_type=\"heading.default\">\n\t\t\t\t<div class=\"elementor-widget-container\">\n\t\t\t<h2 class=\"elementor-heading-title elementor-size-default\">Objetivos espec\u00edficos<\/h2>\t\t<\/div>\n\t\t\t\t<\/div>\n\t\t\t\t<div class=\"elementor-element elementor-element-eb552ee elementor-widget elementor-widget-text-editor\" data-id=\"eb552ee\" data-element_type=\"widget\" data-widget_type=\"text-editor.default\">\n\t\t\t\t<div class=\"elementor-widget-container\">\n\t\t\t\t\t\t\t<ol><li><span lang=\"es\" xml:lang=\"es\">Investigar, relevar, analizar, documentar y estandarizar datos y generar informaci\u00f3n vinculada con la perspectiva e igualdad de g\u00e9nero. Para ello, se tendr\u00e1n en cuenta los ejes estad\u00edsticos, normativos y jurisprudenciales.<\/span><\/li><li><span lang=\"es\" xml:lang=\"es\">Detectar y evaluar el impacto de la legislaci\u00f3n vigente en las resoluciones judiciales que puedan tener vinculaci\u00f3n directa con la funci\u00f3n notarial.<\/span><\/li><li><span lang=\"es\" xml:lang=\"es\">Generar y divulgar informaci\u00f3n que sea la base del establecimiento de buenas pr\u00e1cticas, objetivos y proyectos para el Colegio de Escribanos de la Provincia de Buenos Aires.<\/span><\/li><li><span lang=\"es\" xml:lang=\"es\">Generar redes y espacios de debate, capacitaci\u00f3n y formaci\u00f3n en materia de igualdad de oportunidades. Realizar actividades de capacitaci\u00f3n y contribuir al fortalecimiento institucional de la equidad de g\u00e9nero<\/span>.<\/li><\/ol>\t\t\t\t\t\t<\/div>\n\t\t\t\t<\/div>\n\t\t\t\t<\/div>\n\t\t<div class=\"elementor-element elementor-element-db4e587 e-con-full e-flex e-con e-child\" data-id=\"db4e587\" data-element_type=\"container\">\n\t\t\t\t<\/div>\n\t\t\t\t\t<\/div>\n\t\t\t\t<\/div>\n\t\t<div class=\"elementor-element elementor-element-e531326 e-flex e-con-boxed e-con e-parent\" data-id=\"e531326\" data-element_type=\"container\">\n\t\t\t\t\t<div class=\"e-con-inner\">\n\t\t<div class=\"elementor-element elementor-element-36718ac e-con-full e-flex e-con e-child\" data-id=\"36718ac\" data-element_type=\"container\">\n\t\t\t\t<div class=\"elementor-element elementor-element-a54fb0e elementor-cta--valign-middle elementor-bg-transform elementor-bg-transform-zoom-out box-info elementor-cta--skin-classic elementor-animated-content elementor-widget elementor-widget-call-to-action\" data-id=\"a54fb0e\" data-element_type=\"widget\" data-widget_type=\"call-to-action.default\">\n\t\t\t\t<div class=\"elementor-widget-container\">\n\t\t\t\t\t<a class=\"elementor-cta\" href=\"https:\/\/www.colescba.org.ar\/portal\/novedades\/derechos-humanos\/observatorio-de-genero\/fallos-por-temas\">\n\t\t\t\t\t\t\t<div class=\"elementor-cta__content\">\n\t\t\t\t\n\t\t\t\t\t\t\t\t\t<h3 class=\"elementor-cta__title elementor-cta__content-item elementor-content-item\">\n\t\t\t\t\t\tVer Fallos ordenados por temas\t\t\t\t\t<\/h3>\n\t\t\t\t\n\t\t\t\t\n\t\t\t\t\t\t\t<\/div>\n\t\t\t\t\t\t<\/a>\n\t\t\t\t<\/div>\n\t\t\t\t<\/div>\n\t\t\t\t<\/div>\n\t\t<div class=\"elementor-element elementor-element-a458630 e-con-full e-flex e-con e-child\" data-id=\"a458630\" data-element_type=\"container\">\n\t\t\t\t<div class=\"elementor-element elementor-element-353fcdb elementor-cta--valign-middle elementor-bg-transform elementor-bg-transform-zoom-out box-info elementor-cta--skin-classic elementor-animated-content elementor-widget elementor-widget-call-to-action\" data-id=\"353fcdb\" data-element_type=\"widget\" data-widget_type=\"call-to-action.default\">\n\t\t\t\t<div class=\"elementor-widget-container\">\n\t\t\t\t\t<a class=\"elementor-cta\" href=\"https:\/\/www.colescba.org.ar\/portal\/novedades\/derechos-humanos\/observatorio-de-genero\/fallos-sobre-responsabilidad-notarial\">\n\t\t\t\t\t\t\t<div class=\"elementor-cta__content\">\n\t\t\t\t\n\t\t\t\t\t\t\t\t\t<h3 class=\"elementor-cta__title elementor-cta__content-item elementor-content-item\">\n\t\t\t\t\t\tVer Fallos sobre Responsabilidad Notarial\t\t\t\t\t<\/h3>\n\t\t\t\t\n\t\t\t\t\n\t\t\t\t\t\t\t<\/div>\n\t\t\t\t\t\t\t<div class=\"elementor-ribbon\">\n\t\t\t\t<div class=\"elementor-ribbon-inner\">autogesti\u00f3n<\/div>\n\t\t\t<\/div>\n\t\t\t\t<\/a>\n\t\t\t\t<\/div>\n\t\t\t\t<\/div>\n\t\t\t\t<\/div>\n\t\t<div class=\"elementor-element elementor-element-63a7c29 e-con-full e-flex e-con e-child\" data-id=\"63a7c29\" data-element_type=\"container\">\n\t\t\t\t<div class=\"elementor-element elementor-element-cf226a5 elementor-cta--valign-middle elementor-bg-transform elementor-bg-transform-zoom-out box-info elementor-cta--skin-classic elementor-animated-content elementor-widget elementor-widget-call-to-action\" data-id=\"cf226a5\" data-element_type=\"widget\" data-widget_type=\"call-to-action.default\">\n\t\t\t\t<div class=\"elementor-widget-container\">\n\t\t\t\t\t<a class=\"elementor-cta\" href=\"https:\/\/www.colescba.org.ar\/portal\/novedades\/derechos-humanos\/observatorio-de-genero\/normas-sobre-genero\">\n\t\t\t\t\t\t\t<div class=\"elementor-cta__content\">\n\t\t\t\t\n\t\t\t\t\t\t\t\t\t<h3 class=\"elementor-cta__title elementor-cta__content-item elementor-content-item\">\n\t\t\t\t\t\tVer Normas sobre g\u00e9nero\t\t\t\t\t<\/h3>\n\t\t\t\t\n\t\t\t\t\n\t\t\t\t\t\t\t<\/div>\n\t\t\t\t\t\t<\/a>\n\t\t\t\t<\/div>\n\t\t\t\t<\/div>\n\t\t\t\t<\/div>\n\t\t<div class=\"elementor-element elementor-element-4b6d0be e-con-full e-flex e-con e-child\" data-id=\"4b6d0be\" data-element_type=\"container\">\n\t\t\t\t<\/div>\n\t\t\t\t\t<\/div>\n\t\t\t\t<\/div>\n\t\t\t\t<\/div>\n\t\t","protected":false},"excerpt":{"rendered":"<p>Observatorio de g\u00e9nero Objetivo general El Observatorio de G\u00e9nero del Colegio de Escribanos de la Provincia de Buenos Aires tiene como finalidad principal la visibilizaci\u00f3n de la vulnerabilidad que provoca la violencia en las relaciones jur\u00eddicas. Con ese objetivo en mira se propone el relevamiento, estudio, an\u00e1lisis, clasificaci\u00f3n y categorizaci\u00f3n de la jurisprudencia nacional y [&hellip;]<\/p>\n","protected":false},"author":3,"featured_media":42764,"parent":42706,"menu_order":0,"comment_status":"closed","ping_status":"closed","template":"","meta":{"footnotes":""},"class_list":["post-40989","page","type-page","status-publish","has-post-thumbnail","hentry"],"acf":[],"_links":{"self":[{"href":"https:\/\/www.colescba.org.ar\/portal\/wp-json\/wp\/v2\/pages\/40989","targetHints":{"allow":["GET"]}}],"collection":[{"href":"https:\/\/www.colescba.org.ar\/portal\/wp-json\/wp\/v2\/pages"}],"about":[{"href":"https:\/\/www.colescba.org.ar\/portal\/wp-json\/wp\/v2\/types\/page"}],"author":[{"embeddable":true,"href":"https:\/\/www.colescba.org.ar\/portal\/wp-json\/wp\/v2\/users\/3"}],"replies":[{"embeddable":true,"href":"https:\/\/www.colescba.org.ar\/portal\/wp-json\/wp\/v2\/comments?post=40989"}],"version-history":[{"count":218,"href":"https:\/\/www.colescba.org.ar\/portal\/wp-json\/wp\/v2\/pages\/40989\/revisions"}],"predecessor-version":[{"id":61684,"href":"https:\/\/www.colescba.org.ar\/portal\/wp-json\/wp\/v2\/pages\/40989\/revisions\/61684"}],"up":[{"embeddable":true,"href":"https:\/\/www.colescba.org.ar\/portal\/wp-json\/wp\/v2\/pages\/42706"}],"wp:featuredmedia":[{"embeddable":true,"href":"https:\/\/www.colescba.org.ar\/portal\/wp-json\/wp\/v2\/media\/42764"}],"wp:attachment":[{"href":"https:\/\/www.colescba.org.ar\/portal\/wp-json\/wp\/v2\/media?parent=40989"}],"curies":[{"name":"wp","href":"https:\/\/api.w.org\/{rel}","templated":true}]}}