{"id":46669,"date":"2024-09-02T12:42:39","date_gmt":"2024-09-02T15:42:39","guid":{"rendered":"https:\/\/www.colescba.org.ar\/portal\/?page_id=46669"},"modified":"2025-06-05T10:11:37","modified_gmt":"2025-06-05T13:11:37","slug":"convocatoria","status":"publish","type":"page","link":"https:\/\/www.colescba.org.ar\/portal\/organismos\/inspeccion-general\/convocatoria","title":{"rendered":"Convocatoria para integrar el Registro de Aspirantes a Inspector"},"content":{"rendered":"\t\t<div data-elementor-type=\"wp-page\" data-elementor-id=\"46669\" class=\"elementor elementor-46669\" data-elementor-post-type=\"page\">\n\t\t\t\t\t\t<section class=\"elementor-section elementor-top-section elementor-element elementor-element-ee68e88 elementor-section-boxed elementor-section-height-default elementor-section-height-default\" data-id=\"ee68e88\" data-element_type=\"section\">\n\t\t\t\t\t\t\t<div class=\"elementor-background-overlay\"><\/div>\n\t\t\t\t\t\t\t<div class=\"elementor-container elementor-column-gap-default\">\n\t\t\t\t\t<div class=\"elementor-column elementor-col-100 elementor-top-column elementor-element elementor-element-13ca89f\" data-id=\"13ca89f\" data-element_type=\"column\">\n\t\t\t<div class=\"elementor-widget-wrap elementor-element-populated\">\n\t\t\t\t\t\t<section class=\"elementor-section elementor-inner-section elementor-element elementor-element-7f76db0 elementor-section-boxed elementor-section-height-default elementor-section-height-default\" data-id=\"7f76db0\" data-element_type=\"section\">\n\t\t\t\t\t\t<div class=\"elementor-container elementor-column-gap-default\">\n\t\t\t\t\t<div class=\"elementor-column elementor-col-100 elementor-inner-column elementor-element elementor-element-9f2a7de\" data-id=\"9f2a7de\" data-element_type=\"column\">\n\t\t\t<div class=\"elementor-widget-wrap elementor-element-populated\">\n\t\t\t\t\t\t<div class=\"elementor-element elementor-element-d17b3e6 elementor-widget elementor-widget-heading\" data-id=\"d17b3e6\" data-element_type=\"widget\" data-widget_type=\"heading.default\">\n\t\t\t\t<div class=\"elementor-widget-container\">\n\t\t\t<h1 class=\"elementor-heading-title elementor-size-default\">Convocatoria para integrar el Registro de Aspirantes a Inspector<\/h1>\t\t<\/div>\n\t\t\t\t<\/div>\n\t\t\t\t\t<\/div>\n\t\t<\/div>\n\t\t\t\t\t<\/div>\n\t\t<\/section>\n\t\t\t\t\t<\/div>\n\t\t<\/div>\n\t\t\t\t\t<\/div>\n\t\t<\/section>\n\t\t\t\t<section class=\"elementor-section elementor-top-section elementor-element elementor-element-3c6354e elementor-section-boxed elementor-section-height-default elementor-section-height-default\" data-id=\"3c6354e\" data-element_type=\"section\">\n\t\t\t\t\t\t<div class=\"elementor-container elementor-column-gap-wider\">\n\t\t\t\t\t<div class=\"elementor-column elementor-col-50 elementor-top-column elementor-element elementor-element-7c2c6f2 elementor-invisible\" data-id=\"7c2c6f2\" data-element_type=\"column\" data-settings=\"{&quot;animation&quot;:&quot;fadeInLeft&quot;}\">\n\t\t\t<div class=\"elementor-widget-wrap elementor-element-populated\">\n\t\t\t\t\t\t<div class=\"elementor-element elementor-element-4b5550e elementor-widget elementor-widget-heading\" data-id=\"4b5550e\" data-element_type=\"widget\" data-widget_type=\"heading.default\">\n\t\t\t\t<div class=\"elementor-widget-container\">\n\t\t\t<h2 class=\"elementor-heading-title elementor-size-default\"><a href=\"https:\/\/www.colescba.org.ar\/static\/comunicaciones\/mailing\/2024\/soin\/10\/c10n45a2024.pdf\">Se encuentra vigente la inscripci\u00f3n en el Registro de Aspirantes a Inspectores, para todos aquellos notarios con intenciones de incorporarse al cuerpo y que cumplan con los requisitos establecidos en el reglamento del mismo, cuya modificaci\u00f3n fue publicada en circular del cabezal 10, N\u00b0 45, del SOIN 2024, cuya vigencia opera desde el 1\u00b0 de julio de 2024.<\/a><\/h2>\t\t<\/div>\n\t\t\t\t<\/div>\n\t\t\t\t<div class=\"elementor-element elementor-element-2a97bbd elementor-widget elementor-widget-text-editor\" data-id=\"2a97bbd\" data-element_type=\"widget\" data-widget_type=\"text-editor.default\">\n\t\t\t\t<div class=\"elementor-widget-container\">\n\t\t\t\t\t\t\t<p>Una de las modificaciones m\u00e1s importantes est\u00e1 expresada en el art. 6\u00b0, el que establece que aquellos notarios que se encuentran en el ejercicio de la profesi\u00f3n e ingresen al cuerpo de inspectores mantendr\u00e1n su car\u00e1cter de afiliados a la Caja de Seguridad Social, abonando los aportes que el Consejo Directivo determine.<\/p>\t\t\t\t\t\t<\/div>\n\t\t\t\t<\/div>\n\t\t\t\t\t<\/div>\n\t\t<\/div>\n\t\t\t\t<div class=\"elementor-column elementor-col-50 elementor-top-column elementor-element elementor-element-f320cd5 elementor-invisible\" data-id=\"f320cd5\" data-element_type=\"column\" data-settings=\"{&quot;animation&quot;:&quot;fadeInRight&quot;}\">\n\t\t\t<div class=\"elementor-widget-wrap elementor-element-populated\">\n\t\t\t\t\t\t<div class=\"elementor-element elementor-element-4385860 elementor-widget elementor-widget-text-editor\" data-id=\"4385860\" data-element_type=\"widget\" data-widget_type=\"text-editor.default\">\n\t\t\t\t<div class=\"elementor-widget-container\">\n\t\t\t\t\t\t\t<p>Los inspectores cumplir\u00e1n sus funciones en la zona de inspecci\u00f3n para la que fueran designados. Sin perjuicio de ello, se les podr\u00e1n asignar otras demarcaciones o registros notariales para su inspecci\u00f3n, con el reconocimiento de gastos que establezca el Colegio.<\/p><p>Las consultas e inscripci\u00f3n pueden realizarse en el horario de 8:30 a 13:00, en la sede central del Colegio, ubicada en Avenida 13 esquina 47, piso 7\u00b0, Departamento de Inspecci\u00f3n General, de la ciudad de La Plata.<\/p><p>Puede comunicarse tambi\u00e9n al (0221) 412-1948\/1813\/1836 o a trav\u00e9s del correo electr\u00f3nico escribiendo a <a href=\"mailto:minspectores@colescba.org.ar\">inspectores@colescba.org.ar<\/a>.<\/p>\t\t\t\t\t\t<\/div>\n\t\t\t\t<\/div>\n\t\t\t\t\t<\/div>\n\t\t<\/div>\n\t\t\t\t\t<\/div>\n\t\t<\/section>\n\t\t\t\t<section class=\"elementor-section elementor-top-section elementor-element elementor-element-ea28943 elementor-section-boxed elementor-section-height-default elementor-section-height-default\" data-id=\"ea28943\" data-element_type=\"section\" data-settings=\"{&quot;background_background&quot;:&quot;classic&quot;}\">\n\t\t\t\t\t\t<div class=\"elementor-container elementor-column-gap-default\">\n\t\t\t\t\t<div class=\"elementor-column elementor-col-100 elementor-top-column elementor-element elementor-element-c2befc0\" data-id=\"c2befc0\" data-element_type=\"column\" data-settings=\"{&quot;background_background&quot;:&quot;classic&quot;}\">\n\t\t\t<div class=\"elementor-widget-wrap elementor-element-populated\">\n\t\t\t\t\t\t<div class=\"elementor-element elementor-element-366479d elementor-widget elementor-widget-heading\" data-id=\"366479d\" data-element_type=\"widget\" data-widget_type=\"heading.default\">\n\t\t\t\t<div class=\"elementor-widget-container\">\n\t\t\t<h3 class=\"elementor-heading-title elementor-size-default\">Zonas vacantes<\/h3>\t\t<\/div>\n\t\t\t\t<\/div>\n\t\t\t\t\t<\/div>\n\t\t<\/div>\n\t\t\t\t\t<\/div>\n\t\t<\/section>\n\t\t\t\t<section class=\"elementor-section elementor-top-section elementor-element elementor-element-604d5a9 elementor-section-boxed elementor-section-height-default elementor-section-height-default elementor-invisible\" data-id=\"604d5a9\" data-element_type=\"section\" data-settings=\"{&quot;background_background&quot;:&quot;classic&quot;,&quot;animation&quot;:&quot;fadeInUp&quot;}\">\n\t\t\t\t\t\t<div class=\"elementor-container elementor-column-gap-default\">\n\t\t\t\t\t<div class=\"elementor-column elementor-col-100 elementor-top-column elementor-element elementor-element-b7a2de2\" data-id=\"b7a2de2\" data-element_type=\"column\" data-settings=\"{&quot;background_background&quot;:&quot;classic&quot;}\">\n\t\t\t<div class=\"elementor-widget-wrap elementor-element-populated\">\n\t\t\t\t<div class=\"elementor-element elementor-element-8847d44 e-grid e-con-boxed e-con e-parent\" data-id=\"8847d44\" data-element_type=\"container\" data-settings=\"{&quot;background_background&quot;:&quot;classic&quot;}\">\n\t\t\t\t\t<div class=\"e-con-inner\">\n\t\t\t\t<div class=\"elementor-element elementor-element-3d6c603 elementor-widget elementor-widget-text-editor\" data-id=\"3d6c603\" data-element_type=\"widget\" data-widget_type=\"text-editor.default\">\n\t\t\t\t<div class=\"elementor-widget-container\">\n\t\t\t\t\t\t\t<p><strong>Zona I, Bah\u00eda Blanca:<\/strong> compuesta por los partidos de Bah\u00eda Blanca, Coronel Rosales, Coronel Su\u00e1rez, Patagones, Pu\u00e1n, Saavedra, Tornquist y Villarino<\/p>\t\t\t\t\t\t<\/div>\n\t\t\t\t<\/div>\n\t\t\t\t\t<\/div>\n\t\t\t\t<\/div>\n\t\t<div class=\"elementor-element elementor-element-b755e66 e-grid e-con-boxed e-con e-parent\" data-id=\"b755e66\" data-element_type=\"container\">\n\t\t\t\t\t<div class=\"e-con-inner\">\n\t\t\t\t<div class=\"elementor-element elementor-element-5bfe5fc elementor-widget elementor-widget-text-editor\" data-id=\"5bfe5fc\" data-element_type=\"widget\" data-widget_type=\"text-editor.default\">\n\t\t\t\t<div class=\"elementor-widget-container\">\n\t\t\t\t\t\t\t<p><strong>Zona IV, Tandil:<\/strong> compuesta por los partidos de Ayacucho, Azul, Bol\u00edvar, General Alvear, General Lamadrid, Ju\u00e1rez, Laprida, Las Flores, Olavarr\u00eda, Rauch, Tandil y Tapalqu\u00e9<\/p>\t\t\t\t\t\t<\/div>\n\t\t\t\t<\/div>\n\t\t\t\t\t<\/div>\n\t\t\t\t<\/div>\n\t\t<div class=\"elementor-element elementor-element-5879b89 e-grid e-con-boxed e-con e-parent\" data-id=\"5879b89\" data-element_type=\"container\" data-settings=\"{&quot;background_background&quot;:&quot;classic&quot;}\">\n\t\t\t\t\t<div class=\"e-con-inner\">\n\t\t\t\t<div class=\"elementor-element elementor-element-e97c64e elementor-widget elementor-widget-text-editor\" data-id=\"e97c64e\" data-element_type=\"widget\" data-widget_type=\"text-editor.default\">\n\t\t\t\t<div class=\"elementor-widget-container\">\n\t\t\t\t\t\t\t<p><strong>Zona V, Trenque Lauquen:<\/strong> compuesta por los partidos de Ameghino, Alsina, Carlos Casares, Carlos Tejedor, Caseros (Daireaux), General Pinto, General Villegas, Guamin\u00ed, Hip\u00f3lito Yrigoyen, Lincoln, Pehuaj\u00f3, Pellegrini, Rivadavia, Salliquel\u00f3, Trenque Lauquen y Tres Lomas<\/p>\t\t\t\t\t\t<\/div>\n\t\t\t\t<\/div>\n\t\t\t\t\t<\/div>\n\t\t\t\t<\/div>\n\t\t<div class=\"elementor-element elementor-element-44fa8b8 e-grid e-con-boxed e-con e-parent\" data-id=\"44fa8b8\" data-element_type=\"container\" data-settings=\"{&quot;background_background&quot;:&quot;classic&quot;}\">\n\t\t\t\t\t<div class=\"e-con-inner\">\n\t\t\t\t<div class=\"elementor-element elementor-element-e171230 elementor-widget elementor-widget-text-editor\" data-id=\"e171230\" data-element_type=\"widget\" data-widget_type=\"text-editor.default\">\n\t\t\t\t<div class=\"elementor-widget-container\">\n\t\t\t\t\t\t\t<p><strong>Zona VI, Dolores:<\/strong> compuesta por los partidos de Castelli, Dolores, General Belgrano, General Guido, General Lavalle, General Madariaga, La Costa, Maip\u00fa, Mar Chiquita, Pila, Pinamar, Tordillo y Villa Gesell<\/p>\t\t\t\t\t\t<\/div>\n\t\t\t\t<\/div>\n\t\t\t\t\t<\/div>\n\t\t\t\t<\/div>\n\t\t<div class=\"elementor-element elementor-element-99442ad e-grid e-con-boxed e-con e-parent\" data-id=\"99442ad\" data-element_type=\"container\" data-settings=\"{&quot;background_background&quot;:&quot;classic&quot;}\">\n\t\t\t\t\t<div class=\"e-con-inner\">\n\t\t\t\t<div class=\"elementor-element elementor-element-ff37e5d elementor-widget elementor-widget-text-editor\" data-id=\"ff37e5d\" data-element_type=\"widget\" data-widget_type=\"text-editor.default\">\n\t\t\t\t<div class=\"elementor-widget-container\">\n\t\t\t\t\t\t\t<p><strong>Zona XI, Merlo:<\/strong> compuesta por los partidos de Jos\u00e9 C. Paz, Malvinas Argentinas, Merlo, Moreno y San Miguel<\/p>\t\t\t\t\t\t<\/div>\n\t\t\t\t<\/div>\n\t\t\t\t\t<\/div>\n\t\t\t\t<\/div>\n\t\t<div class=\"elementor-element elementor-element-f7c3ec5 e-grid e-con-boxed e-con e-parent\" data-id=\"f7c3ec5\" data-element_type=\"container\" data-settings=\"{&quot;background_background&quot;:&quot;classic&quot;}\">\n\t\t\t\t\t<div class=\"e-con-inner\">\n\t\t\t\t<div class=\"elementor-element elementor-element-09ce160 elementor-widget elementor-widget-text-editor\" data-id=\"09ce160\" data-element_type=\"widget\" data-widget_type=\"text-editor.default\">\n\t\t\t\t<div class=\"elementor-widget-container\">\n\t\t\t\t\t\t\t<p><strong>Zona XII, La Plata\/Lomas de Zamora:<\/strong> compuesta por los partidos de Almirante Brown, Berazategui, Berisso, Ca\u00f1uelas, Chascom\u00fas, Coronel Brandsen, Ensenada, Florencio Varela, General Paz, Magdalena, Monte, Punta Indio y San Vicente<\/p>\t\t\t\t\t\t<\/div>\n\t\t\t\t<\/div>\n\t\t\t\t\t<\/div>\n\t\t\t\t<\/div>\n\t\t<div class=\"elementor-element elementor-element-b698975 e-grid e-con-boxed e-con e-parent\" data-id=\"b698975\" data-element_type=\"container\" data-settings=\"{&quot;background_background&quot;:&quot;classic&quot;}\">\n\t\t\t\t\t<div class=\"e-con-inner\">\n\t\t\t\t<div class=\"elementor-element elementor-element-ad3e06e elementor-widget elementor-widget-text-editor\" data-id=\"ad3e06e\" data-element_type=\"widget\" data-widget_type=\"text-editor.default\">\n\t\t\t\t<div class=\"elementor-widget-container\">\n\t\t\t\t\t\t\t<p><strong>Zona XIII, La Plata:<\/strong> compuesta por el partido de La Plata<\/p>\t\t\t\t\t\t<\/div>\n\t\t\t\t<\/div>\n\t\t\t\t\t<\/div>\n\t\t\t\t<\/div>\n\t\t<div class=\"elementor-element elementor-element-e552eaa e-grid e-con-boxed e-con e-parent\" data-id=\"e552eaa\" data-element_type=\"container\" data-settings=\"{&quot;background_background&quot;:&quot;classic&quot;}\">\n\t\t\t\t\t<div class=\"e-con-inner\">\n\t\t\t\t<div class=\"elementor-element elementor-element-ad2282f elementor-widget elementor-widget-text-editor\" data-id=\"ad2282f\" data-element_type=\"widget\" data-widget_type=\"text-editor.default\">\n\t\t\t\t<div class=\"elementor-widget-container\">\n\t\t\t\t\t\t\t<p><strong>Zona XIV, San Isidro:<\/strong> compuesta por los partidos de San Fernando, San Isidro, Tigre y Vicente L\u00f3pez<\/p>\t\t\t\t\t\t<\/div>\n\t\t\t\t<\/div>\n\t\t\t\t\t<\/div>\n\t\t\t\t<\/div>\n\t\t<div class=\"elementor-element elementor-element-96858a3 e-grid e-con-boxed e-con e-parent\" data-id=\"96858a3\" data-element_type=\"container\" data-settings=\"{&quot;background_background&quot;:&quot;classic&quot;}\">\n\t\t\t\t\t<div class=\"e-con-inner\">\n\t\t\t\t<div class=\"elementor-element elementor-element-7db1805 elementor-widget elementor-widget-text-editor\" data-id=\"7db1805\" data-element_type=\"widget\" data-widget_type=\"text-editor.default\">\n\t\t\t\t<div class=\"elementor-widget-container\">\n\t\t\t\t\t\t\t<p><strong>Zona XV, Mor\u00f3n:<\/strong> Compuesta por los partidos de Hurlingham, Ituzaing\u00f3, La Matanza y Mor\u00f3n<\/p>\t\t\t\t\t\t<\/div>\n\t\t\t\t<\/div>\n\t\t\t\t\t<\/div>\n\t\t\t\t<\/div>\n\t\t<div class=\"elementor-element elementor-element-cddf26d e-grid e-con-boxed e-con e-parent\" data-id=\"cddf26d\" data-element_type=\"container\" data-settings=\"{&quot;background_background&quot;:&quot;classic&quot;}\">\n\t\t\t\t\t<div class=\"e-con-inner\">\n\t\t\t\t<div class=\"elementor-element elementor-element-83d40ec elementor-widget elementor-widget-text-editor\" data-id=\"83d40ec\" data-element_type=\"widget\" data-widget_type=\"text-editor.default\">\n\t\t\t\t<div class=\"elementor-widget-container\">\n\t\t\t\t\t\t\t<p><strong>Zona XVI, Lomas de Zamora:<\/strong> compuesta por los partidos de Avellaneda, Esteban Echeverr\u00eda, Ezeiza, Lan\u00fas, Lomas de Zamora, Presidente Per\u00f3n y Quilmes<\/p>\t\t\t\t\t\t<\/div>\n\t\t\t\t<\/div>\n\t\t\t\t\t<\/div>\n\t\t\t\t<\/div>\n\t\t<div class=\"elementor-element elementor-element-4e0f542 e-grid e-con-boxed e-con e-parent\" data-id=\"4e0f542\" data-element_type=\"container\" data-settings=\"{&quot;background_background&quot;:&quot;classic&quot;}\">\n\t\t\t\t\t<div class=\"e-con-inner\">\n\t\t\t\t<div class=\"elementor-element elementor-element-6d8a305 elementor-widget elementor-widget-text-editor\" data-id=\"6d8a305\" data-element_type=\"widget\" data-widget_type=\"text-editor.default\">\n\t\t\t\t<div class=\"elementor-widget-container\">\n\t\t\t\t\t\t\t<p><strong>Zona XVII, General San Mart\u00edn:<\/strong> compuesta por los partidos de General San Mart\u00edn y Tres de Febrero<\/p>\t\t\t\t\t\t<\/div>\n\t\t\t\t<\/div>\n\t\t\t\t\t<\/div>\n\t\t\t\t<\/div>\n\t\t\t\t\t<\/div>\n\t\t<\/div>\n\t\t\t\t\t<\/div>\n\t\t<\/section>\n\t\t\t\t<\/div>\n\t\t","protected":false},"excerpt":{"rendered":"<p>Convocatoria para integrar el Registro de Aspirantes a Inspector Se encuentra vigente la inscripci\u00f3n en el Registro de Aspirantes a Inspectores, para todos aquellos notarios con intenciones de incorporarse al cuerpo y que cumplan con los requisitos establecidos en el reglamento del mismo, cuya modificaci\u00f3n fue publicada en circular del cabezal 10, N\u00b0 45, del [&hellip;]<\/p>\n","protected":false},"author":5,"featured_media":11814,"parent":1059,"menu_order":0,"comment_status":"closed","ping_status":"closed","template":"","meta":{"footnotes":""},"class_list":["post-46669","page","type-page","status-publish","has-post-thumbnail","hentry"],"acf":[],"_links":{"self":[{"href":"https:\/\/www.colescba.org.ar\/portal\/wp-json\/wp\/v2\/pages\/46669","targetHints":{"allow":["GET"]}}],"collection":[{"href":"https:\/\/www.colescba.org.ar\/portal\/wp-json\/wp\/v2\/pages"}],"about":[{"href":"https:\/\/www.colescba.org.ar\/portal\/wp-json\/wp\/v2\/types\/page"}],"author":[{"embeddable":true,"href":"https:\/\/www.colescba.org.ar\/portal\/wp-json\/wp\/v2\/users\/5"}],"replies":[{"embeddable":true,"href":"https:\/\/www.colescba.org.ar\/portal\/wp-json\/wp\/v2\/comments?post=46669"}],"version-history":[{"count":20,"href":"https:\/\/www.colescba.org.ar\/portal\/wp-json\/wp\/v2\/pages\/46669\/revisions"}],"predecessor-version":[{"id":55782,"href":"https:\/\/www.colescba.org.ar\/portal\/wp-json\/wp\/v2\/pages\/46669\/revisions\/55782"}],"up":[{"embeddable":true,"href":"https:\/\/www.colescba.org.ar\/portal\/wp-json\/wp\/v2\/pages\/1059"}],"wp:featuredmedia":[{"embeddable":true,"href":"https:\/\/www.colescba.org.ar\/portal\/wp-json\/wp\/v2\/media\/11814"}],"wp:attachment":[{"href":"https:\/\/www.colescba.org.ar\/portal\/wp-json\/wp\/v2\/media?parent=46669"}],"curies":[{"name":"wp","href":"https:\/\/api.w.org\/{rel}","templated":true}]}}